{"id":3380,"date":"2023-09-12T11:34:02","date_gmt":"2023-09-12T10:34:02","guid":{"rendered":"https:\/\/www.hydrotruck.eu\/sklep\/?post_type=product&#038;p=3380"},"modified":"2024-05-14T08:11:36","modified_gmt":"2024-05-14T07:11:36","slug":"zlacze-do-montazu-przewodow-przy-pomocy-opasek-zabezpieczajacych-storza-a-110","status":"publish","type":"product","link":"https:\/\/www.hydrotruck.eu\/sklep\/produkt\/zlacze-do-montazu-przewodow-przy-pomocy-opasek-zabezpieczajacych-storza-a-110\/","title":{"rendered":"Z\u0142\u0105cze do monta\u017cu przewod\u00f3w przy pomocy opasek zabezpieczaj\u0105cych STORZA A 110"},"content":{"rendered":"<h2>Z\u0142\u0105cze do monta\u017cu przewod\u00f3w Storz A 110<\/h2>\n<p><strong>Rozmiar: A 110, Odleg\u0142o\u015b\u0107 w k\u0142ach 133 mm , \u015brednica w\u0119\u017ca 100 mm , materia\u0142: aluminium<\/strong><\/p>\n<p>Z\u0142\u0105cze do monta\u017cu przewod\u00f3w przy pomocy opasek zabezpieczaj\u0105cych STORZ to specjalny rodzaj z\u0142\u0105cza stosowanego w r\u00f3\u017cnych bran\u017cach, takich jak przemys\u0142, stra\u017c po\u017carna i medycyna.<\/p>\n<p>Z\u0142\u0105cze to umo\u017cliwia \u0142\u0105czenie przewod\u00f3w za pomoc\u0105 opasek zabezpieczaj\u0105cych, kt\u00f3re zapewniaj\u0105 trwa\u0142e i pewne po\u0142\u0105czenie. Opaski zabezpieczaj\u0105ce s\u0105 elastycznymi paskami, kt\u00f3re s\u0105 mocowane wok\u00f3\u0142 z\u0142\u0105czy, zapewniaj\u0105c stabilno\u015b\u0107 i bezpiecze\u0144stwo po\u0142\u0105czenia przewod\u00f3w.<\/p>\n<p>Z\u0142\u0105cza STORZ z opaskami zabezpieczaj\u0105cymi s\u0105 \u0142atwe w obs\u0142udze i umo\u017cliwiaj\u0105 szybkie montowanie i demontowanie przewod\u00f3w. S\u0105 odporne na wibracje, wstrz\u0105sy i dzia\u0142anie si\u0142 zewn\u0119trznych, co sprawia, \u017ce s\u0105 idealne do zastosowa\u0144, gdzie wymagane jest solidne i bezpieczne po\u0142\u0105czenie przewod\u00f3w. Z\u0142\u0105cza STORZ z opaskami zabezpieczaj\u0105cymi s\u0105 niezawodne i skuteczne w r\u00f3\u017cnych warunkach i bran\u017cach.<\/p>\n","protected":false},"excerpt":{"rendered":"<p><strong>Rozmiar: A 110, Odleg\u0142o\u015b\u0107 w k\u0142ach 133 mm , \u015brednica w\u0119\u017ca 100 mm , materia\u0142: aluminium<\/strong><\/p>\n","protected":false},"featured_media":4277,"template":"","meta":{"inline_featured_image":false},"product_cat":[92,84],"product_tag":[],"class_list":{"0":"post-3380","1":"product","2":"type-product","3":"status-publish","4":"has-post-thumbnail","6":"product_cat-storz","7":"product_cat-zlacza-do-wezy","9":"first","10":"instock","11":"shipping-taxable","12":"purchasable","13":"product-type-simple"},"yoast_head":"<!-- This site is optimized with the Yoast SEO plugin v26.9 - https:\/\/yoast.com\/product\/yoast-seo-wordpress\/ -->\n<title>Z\u0142\u0105cze do monta\u017cu przewod\u00f3w Storz A 110 - Hydrotruck<\/title>\n<meta name=\"description\" content=\"Z\u0142\u0105cze do monta\u017cu przewod\u00f3w przy pomocy opasek zabezpieczaj\u0105cych STORZ to specjalny rodzaj z\u0142\u0105cza stosowanego w r\u00f3\u017cnych bran\u017cach.\" \/>\n<meta name=\"robots\" content=\"index, follow, max-snippet:-1, max-image-preview:large, max-video-preview:-1\" \/>\n<link rel=\"canonical\" href=\"https:\/\/www.hydrotruck.eu\/sklep\/produkt\/zlacze-do-montazu-przewodow-przy-pomocy-opasek-zabezpieczajacych-storza-a-110\/\" \/>\n<meta property=\"og:locale\" content=\"pl_PL\" \/>\n<meta property=\"og:type\" content=\"article\" \/>\n<meta property=\"og:title\" content=\"Z\u0142\u0105cze do monta\u017cu przewod\u00f3w Storz A 110 - Hydrotruck\" \/>\n<meta property=\"og:description\" content=\"Z\u0142\u0105cze do monta\u017cu przewod\u00f3w przy pomocy opasek zabezpieczaj\u0105cych STORZ to specjalny rodzaj z\u0142\u0105cza stosowanego w r\u00f3\u017cnych bran\u017cach.\" \/>\n<meta property=\"og:url\" content=\"https:\/\/www.hydrotruck.eu\/sklep\/produkt\/zlacze-do-montazu-przewodow-przy-pomocy-opasek-zabezpieczajacych-storza-a-110\/\" \/>\n<meta property=\"og:site_name\" content=\"Hydrotruck\" \/>\n<meta property=\"article:modified_time\" content=\"2024-05-14T07:11:36+00:00\" \/>\n<meta property=\"og:image\" content=\"https:\/\/www.hydrotruck.eu\/sklep\/wp-content\/uploads\/2023\/12\/Zlacze-do-montazu-przewodow-przy-pomocy-opasek-zabezpieczajacych-STORZA-A-110.jpg\" \/>\n\t<meta property=\"og:image:width\" content=\"1080\" \/>\n\t<meta property=\"og:image:height\" content=\"1080\" \/>\n\t<meta property=\"og:image:type\" content=\"image\/jpeg\" \/>\n<meta name=\"twitter:card\" content=\"summary_large_image\" \/>\n<meta name=\"twitter:label1\" content=\"Szacowany czas czytania\" \/>\n\t<meta name=\"twitter:data1\" content=\"1 minuta\" \/>\n<script type=\"application\/ld+json\" class=\"yoast-schema-graph\">{\"@context\":\"https:\/\/schema.org\",\"@graph\":[{\"@type\":\"WebPage\",\"@id\":\"https:\/\/www.hydrotruck.eu\/sklep\/produkt\/zlacze-do-montazu-przewodow-przy-pomocy-opasek-zabezpieczajacych-storza-a-110\/\",\"url\":\"https:\/\/www.hydrotruck.eu\/sklep\/produkt\/zlacze-do-montazu-przewodow-przy-pomocy-opasek-zabezpieczajacych-storza-a-110\/\",\"name\":\"Z\u0142\u0105cze do monta\u017cu przewod\u00f3w Storz A 110 - Hydrotruck\",\"isPartOf\":{\"@id\":\"https:\/\/www.hydrotruck.eu\/sklep\/#website\"},\"primaryImageOfPage\":{\"@id\":\"https:\/\/www.hydrotruck.eu\/sklep\/produkt\/zlacze-do-montazu-przewodow-przy-pomocy-opasek-zabezpieczajacych-storza-a-110\/#primaryimage\"},\"image\":{\"@id\":\"https:\/\/www.hydrotruck.eu\/sklep\/produkt\/zlacze-do-montazu-przewodow-przy-pomocy-opasek-zabezpieczajacych-storza-a-110\/#primaryimage\"},\"thumbnailUrl\":\"https:\/\/www.hydrotruck.eu\/sklep\/wp-content\/uploads\/2023\/12\/Zlacze-do-montazu-przewodow-przy-pomocy-opasek-zabezpieczajacych-STORZA-A-110.jpg\",\"datePublished\":\"2023-09-12T10:34:02+00:00\",\"dateModified\":\"2024-05-14T07:11:36+00:00\",\"description\":\"Z\u0142\u0105cze do monta\u017cu przewod\u00f3w przy pomocy opasek zabezpieczaj\u0105cych STORZ to specjalny rodzaj z\u0142\u0105cza stosowanego w r\u00f3\u017cnych bran\u017cach.\",\"breadcrumb\":{\"@id\":\"https:\/\/www.hydrotruck.eu\/sklep\/produkt\/zlacze-do-montazu-przewodow-przy-pomocy-opasek-zabezpieczajacych-storza-a-110\/#breadcrumb\"},\"inLanguage\":\"pl-PL\",\"potentialAction\":[{\"@type\":\"ReadAction\",\"target\":[\"https:\/\/www.hydrotruck.eu\/sklep\/produkt\/zlacze-do-montazu-przewodow-przy-pomocy-opasek-zabezpieczajacych-storza-a-110\/\"]}]},{\"@type\":\"ImageObject\",\"inLanguage\":\"pl-PL\",\"@id\":\"https:\/\/www.hydrotruck.eu\/sklep\/produkt\/zlacze-do-montazu-przewodow-przy-pomocy-opasek-zabezpieczajacych-storza-a-110\/#primaryimage\",\"url\":\"https:\/\/www.hydrotruck.eu\/sklep\/wp-content\/uploads\/2023\/12\/Zlacze-do-montazu-przewodow-przy-pomocy-opasek-zabezpieczajacych-STORZA-A-110.jpg\",\"contentUrl\":\"https:\/\/www.hydrotruck.eu\/sklep\/wp-content\/uploads\/2023\/12\/Zlacze-do-montazu-przewodow-przy-pomocy-opasek-zabezpieczajacych-STORZA-A-110.jpg\",\"width\":1080,\"height\":1080,\"caption\":\"Z\u0142\u0105cze do monta\u017cu przewod\u00f3w przy pomocy opasek zabezpieczaj\u0105cych STORZA A 110\"},{\"@type\":\"BreadcrumbList\",\"@id\":\"https:\/\/www.hydrotruck.eu\/sklep\/produkt\/zlacze-do-montazu-przewodow-przy-pomocy-opasek-zabezpieczajacych-storza-a-110\/#breadcrumb\",\"itemListElement\":[{\"@type\":\"ListItem\",\"position\":1,\"name\":\"Strona g\u0142\u00f3wna\",\"item\":\"https:\/\/www.hydrotruck.eu\/sklep\/\"},{\"@type\":\"ListItem\",\"position\":2,\"name\":\"Sklep\",\"item\":\"https:\/\/www.hydrotruck.eu\/sklep\/sklep\/\"},{\"@type\":\"ListItem\",\"position\":3,\"name\":\"Z\u0142\u0105cze do monta\u017cu przewod\u00f3w przy pomocy opasek zabezpieczaj\u0105cych STORZA A 110\"}]},{\"@type\":\"WebSite\",\"@id\":\"https:\/\/www.hydrotruck.eu\/sklep\/#website\",\"url\":\"https:\/\/www.hydrotruck.eu\/sklep\/\",\"name\":\"R\u0119czniki bawe\u0142niane, kapielowe do domu i do hoteli spa\",\"description\":\"Hydrotruck\",\"publisher\":{\"@id\":\"https:\/\/www.hydrotruck.eu\/sklep\/#organization\"},\"potentialAction\":[{\"@type\":\"SearchAction\",\"target\":{\"@type\":\"EntryPoint\",\"urlTemplate\":\"https:\/\/www.hydrotruck.eu\/sklep\/?s={search_term_string}\"},\"query-input\":{\"@type\":\"PropertyValueSpecification\",\"valueRequired\":true,\"valueName\":\"search_term_string\"}}],\"inLanguage\":\"pl-PL\"},{\"@type\":\"Organization\",\"@id\":\"https:\/\/www.hydrotruck.eu\/sklep\/#organization\",\"name\":\"R\u0119czniki bawe\u0142niane, kapielowe do domu i do hoteli spa\",\"url\":\"https:\/\/www.hydrotruck.eu\/sklep\/\",\"logo\":{\"@type\":\"ImageObject\",\"inLanguage\":\"pl-PL\",\"@id\":\"https:\/\/www.hydrotruck.eu\/sklep\/#\/schema\/logo\/image\/\",\"url\":\"https:\/\/www.hydrotruck.eu\/sklep\/wp-content\/uploads\/2023\/08\/logo_200.png\",\"contentUrl\":\"https:\/\/www.hydrotruck.eu\/sklep\/wp-content\/uploads\/2023\/08\/logo_200.png\",\"width\":200,\"height\":84,\"caption\":\"R\u0119czniki bawe\u0142niane, kapielowe do domu i do hoteli spa\"},\"image\":{\"@id\":\"https:\/\/www.hydrotruck.eu\/sklep\/#\/schema\/logo\/image\/\"}}]}<\/script>\n<!-- \/ Yoast SEO plugin. -->","yoast_head_json":{"title":"Z\u0142\u0105cze do monta\u017cu przewod\u00f3w Storz A 110 - Hydrotruck","description":"Z\u0142\u0105cze do monta\u017cu przewod\u00f3w przy pomocy opasek zabezpieczaj\u0105cych STORZ to specjalny rodzaj z\u0142\u0105cza stosowanego w r\u00f3\u017cnych bran\u017cach.","robots":{"index":"index","follow":"follow","max-snippet":"max-snippet:-1","max-image-preview":"max-image-preview:large","max-video-preview":"max-video-preview:-1"},"canonical":"https:\/\/www.hydrotruck.eu\/sklep\/produkt\/zlacze-do-montazu-przewodow-przy-pomocy-opasek-zabezpieczajacych-storza-a-110\/","og_locale":"pl_PL","og_type":"article","og_title":"Z\u0142\u0105cze do monta\u017cu przewod\u00f3w Storz A 110 - Hydrotruck","og_description":"Z\u0142\u0105cze do monta\u017cu przewod\u00f3w przy pomocy opasek zabezpieczaj\u0105cych STORZ to specjalny rodzaj z\u0142\u0105cza stosowanego w r\u00f3\u017cnych bran\u017cach.","og_url":"https:\/\/www.hydrotruck.eu\/sklep\/produkt\/zlacze-do-montazu-przewodow-przy-pomocy-opasek-zabezpieczajacych-storza-a-110\/","og_site_name":"Hydrotruck","article_modified_time":"2024-05-14T07:11:36+00:00","og_image":[{"width":1080,"height":1080,"url":"https:\/\/www.hydrotruck.eu\/sklep\/wp-content\/uploads\/2023\/12\/Zlacze-do-montazu-przewodow-przy-pomocy-opasek-zabezpieczajacych-STORZA-A-110.jpg","type":"image\/jpeg"}],"twitter_card":"summary_large_image","twitter_misc":{"Szacowany czas czytania":"1 minuta"},"schema":{"@context":"https:\/\/schema.org","@graph":[{"@type":"WebPage","@id":"https:\/\/www.hydrotruck.eu\/sklep\/produkt\/zlacze-do-montazu-przewodow-przy-pomocy-opasek-zabezpieczajacych-storza-a-110\/","url":"https:\/\/www.hydrotruck.eu\/sklep\/produkt\/zlacze-do-montazu-przewodow-przy-pomocy-opasek-zabezpieczajacych-storza-a-110\/","name":"Z\u0142\u0105cze do monta\u017cu przewod\u00f3w Storz A 110 - Hydrotruck","isPartOf":{"@id":"https:\/\/www.hydrotruck.eu\/sklep\/#website"},"primaryImageOfPage":{"@id":"https:\/\/www.hydrotruck.eu\/sklep\/produkt\/zlacze-do-montazu-przewodow-przy-pomocy-opasek-zabezpieczajacych-storza-a-110\/#primaryimage"},"image":{"@id":"https:\/\/www.hydrotruck.eu\/sklep\/produkt\/zlacze-do-montazu-przewodow-przy-pomocy-opasek-zabezpieczajacych-storza-a-110\/#primaryimage"},"thumbnailUrl":"https:\/\/www.hydrotruck.eu\/sklep\/wp-content\/uploads\/2023\/12\/Zlacze-do-montazu-przewodow-przy-pomocy-opasek-zabezpieczajacych-STORZA-A-110.jpg","datePublished":"2023-09-12T10:34:02+00:00","dateModified":"2024-05-14T07:11:36+00:00","description":"Z\u0142\u0105cze do monta\u017cu przewod\u00f3w przy pomocy opasek zabezpieczaj\u0105cych STORZ to specjalny rodzaj z\u0142\u0105cza stosowanego w r\u00f3\u017cnych bran\u017cach.","breadcrumb":{"@id":"https:\/\/www.hydrotruck.eu\/sklep\/produkt\/zlacze-do-montazu-przewodow-przy-pomocy-opasek-zabezpieczajacych-storza-a-110\/#breadcrumb"},"inLanguage":"pl-PL","potentialAction":[{"@type":"ReadAction","target":["https:\/\/www.hydrotruck.eu\/sklep\/produkt\/zlacze-do-montazu-przewodow-przy-pomocy-opasek-zabezpieczajacych-storza-a-110\/"]}]},{"@type":"ImageObject","inLanguage":"pl-PL","@id":"https:\/\/www.hydrotruck.eu\/sklep\/produkt\/zlacze-do-montazu-przewodow-przy-pomocy-opasek-zabezpieczajacych-storza-a-110\/#primaryimage","url":"https:\/\/www.hydrotruck.eu\/sklep\/wp-content\/uploads\/2023\/12\/Zlacze-do-montazu-przewodow-przy-pomocy-opasek-zabezpieczajacych-STORZA-A-110.jpg","contentUrl":"https:\/\/www.hydrotruck.eu\/sklep\/wp-content\/uploads\/2023\/12\/Zlacze-do-montazu-przewodow-przy-pomocy-opasek-zabezpieczajacych-STORZA-A-110.jpg","width":1080,"height":1080,"caption":"Z\u0142\u0105cze do monta\u017cu przewod\u00f3w przy pomocy opasek zabezpieczaj\u0105cych STORZA A 110"},{"@type":"BreadcrumbList","@id":"https:\/\/www.hydrotruck.eu\/sklep\/produkt\/zlacze-do-montazu-przewodow-przy-pomocy-opasek-zabezpieczajacych-storza-a-110\/#breadcrumb","itemListElement":[{"@type":"ListItem","position":1,"name":"Strona g\u0142\u00f3wna","item":"https:\/\/www.hydrotruck.eu\/sklep\/"},{"@type":"ListItem","position":2,"name":"Sklep","item":"https:\/\/www.hydrotruck.eu\/sklep\/sklep\/"},{"@type":"ListItem","position":3,"name":"Z\u0142\u0105cze do monta\u017cu przewod\u00f3w przy pomocy opasek zabezpieczaj\u0105cych STORZA A 110"}]},{"@type":"WebSite","@id":"https:\/\/www.hydrotruck.eu\/sklep\/#website","url":"https:\/\/www.hydrotruck.eu\/sklep\/","name":"R\u0119czniki bawe\u0142niane, kapielowe do domu i do hoteli spa","description":"Hydrotruck","publisher":{"@id":"https:\/\/www.hydrotruck.eu\/sklep\/#organization"},"potentialAction":[{"@type":"SearchAction","target":{"@type":"EntryPoint","urlTemplate":"https:\/\/www.hydrotruck.eu\/sklep\/?s={search_term_string}"},"query-input":{"@type":"PropertyValueSpecification","valueRequired":true,"valueName":"search_term_string"}}],"inLanguage":"pl-PL"},{"@type":"Organization","@id":"https:\/\/www.hydrotruck.eu\/sklep\/#organization","name":"R\u0119czniki bawe\u0142niane, kapielowe do domu i do hoteli spa","url":"https:\/\/www.hydrotruck.eu\/sklep\/","logo":{"@type":"ImageObject","inLanguage":"pl-PL","@id":"https:\/\/www.hydrotruck.eu\/sklep\/#\/schema\/logo\/image\/","url":"https:\/\/www.hydrotruck.eu\/sklep\/wp-content\/uploads\/2023\/08\/logo_200.png","contentUrl":"https:\/\/www.hydrotruck.eu\/sklep\/wp-content\/uploads\/2023\/08\/logo_200.png","width":200,"height":84,"caption":"R\u0119czniki bawe\u0142niane, kapielowe do domu i do hoteli spa"},"image":{"@id":"https:\/\/www.hydrotruck.eu\/sklep\/#\/schema\/logo\/image\/"}}]}},"acf":[],"_links":{"self":[{"href":"https:\/\/www.hydrotruck.eu\/sklep\/wp-json\/wp\/v2\/product\/3380","targetHints":{"allow":["GET"]}}],"collection":[{"href":"https:\/\/www.hydrotruck.eu\/sklep\/wp-json\/wp\/v2\/product"}],"about":[{"href":"https:\/\/www.hydrotruck.eu\/sklep\/wp-json\/wp\/v2\/types\/product"}],"wp:featuredmedia":[{"embeddable":true,"href":"https:\/\/www.hydrotruck.eu\/sklep\/wp-json\/wp\/v2\/media\/4277"}],"wp:attachment":[{"href":"https:\/\/www.hydrotruck.eu\/sklep\/wp-json\/wp\/v2\/media?parent=3380"}],"wp:term":[{"taxonomy":"product_cat","embeddable":true,"href":"https:\/\/www.hydrotruck.eu\/sklep\/wp-json\/wp\/v2\/product_cat?post=3380"},{"taxonomy":"product_tag","embeddable":true,"href":"https:\/\/www.hydrotruck.eu\/sklep\/wp-json\/wp\/v2\/product_tag?post=3380"}],"curies":[{"name":"wp","href":"https:\/\/api.w.org\/{rel}","templated":true}]}}