{"id":3195,"date":"2023-08-28T12:08:42","date_gmt":"2023-08-28T11:08:42","guid":{"rendered":"https:\/\/www.hydrotruck.eu\/sklep\/?post_type=product&#038;p=3195"},"modified":"2024-04-24T12:26:38","modified_gmt":"2024-04-24T11:26:38","slug":"zlaczka-barierki-3-pozycyjny","status":"publish","type":"product","link":"https:\/\/www.hydrotruck.eu\/sklep\/produkt\/zlaczka-barierki-3-pozycyjny\/","title":{"rendered":"Z\u0142\u0105czka barierki 3 pozycyjna"},"content":{"rendered":"<p>Z\u0142\u0105czka barierki 3 pozycyjna to element u\u017cywany do \u0142\u0105czenia element\u00f3w barierki w trzech r\u00f3\u017cnych pozycjach. Jest zaprojektowana w taki spos\u00f3b, aby umo\u017cliwi\u0107 elastyczne montowanie i demontowanie barierki w zale\u017cno\u015bci od potrzeb. Z\u0142\u0105czka posiada trzy otwory, kt\u00f3re umo\u017cliwiaj\u0105 po\u0142\u0105czenie rur barierki w r\u00f3\u017cnych konfiguracjach: prostych, k\u0105towych lub zakrzywionych. Dzi\u0119ki temu u\u017cytkownik mo\u017ce dostosowa\u0107 barierk\u0119 do konkretnej przestrzeni lub kszta\u0142tu, zapewniaj\u0105c bezpiecze\u0144stwo i stabilno\u015b\u0107. Z\u0142\u0105czka barierki 3-pozycyjna jest \u0142atwa w u\u017cyciu i zapewnia solidne po\u0142\u0105czenie mi\u0119dzy elementami barierki.<\/p>\n<p><a href=\"https:\/\/www.hydrotruck.eu\/sklep\/kategoria\/akcesoria\/\">Sprawd\u017a wi\u0119cej naszych akcesori\u00f3w i innego wyposa\u017cenia.<\/a><\/p>\n","protected":false},"excerpt":{"rendered":"<p>Z\u0142\u0105czka barierki 3-pozycyjna to element u\u017cywany do \u0142\u0105czenia element\u00f3w barierki w trzech r\u00f3\u017cnych pozycjach. Jest zaprojektowana w taki spos\u00f3b, aby umo\u017cliwi\u0107 elastyczne montowanie i demontowanie barierki w zale\u017cno\u015bci od potrzeb.<\/p>\n","protected":false},"featured_media":3177,"template":"","meta":{"inline_featured_image":false},"product_cat":[99],"product_tag":[],"class_list":{"0":"post-3195","1":"product","2":"type-product","3":"status-publish","4":"has-post-thumbnail","6":"product_cat-akcesoria","8":"first","9":"instock","10":"shipping-taxable","11":"purchasable","12":"product-type-simple"},"yoast_head":"<!-- This site is optimized with the Yoast SEO plugin v26.9 - https:\/\/yoast.com\/product\/yoast-seo-wordpress\/ -->\n<title>Z\u0142\u0105czka barierki 3 pozycyjna - Hydrotruck<\/title>\n<meta name=\"description\" content=\"Z\u0142\u0105czka barierki 3 pozycyjna zaprojektowana w taki spos\u00f3b, aby umo\u017cliwi\u0107 elastyczne montowanie i demontowanie barierki w zale\u017cno\u015bci od potrzeb.\" \/>\n<meta name=\"robots\" content=\"index, follow, max-snippet:-1, max-image-preview:large, max-video-preview:-1\" \/>\n<link rel=\"canonical\" href=\"https:\/\/www.hydrotruck.eu\/sklep\/produkt\/zlaczka-barierki-3-pozycyjny\/\" \/>\n<meta property=\"og:locale\" content=\"pl_PL\" \/>\n<meta property=\"og:type\" content=\"article\" \/>\n<meta property=\"og:title\" content=\"Z\u0142\u0105czka barierki 3 pozycyjna - Hydrotruck\" \/>\n<meta property=\"og:description\" content=\"Z\u0142\u0105czka barierki 3 pozycyjna zaprojektowana w taki spos\u00f3b, aby umo\u017cliwi\u0107 elastyczne montowanie i demontowanie barierki w zale\u017cno\u015bci od potrzeb.\" \/>\n<meta property=\"og:url\" content=\"https:\/\/www.hydrotruck.eu\/sklep\/produkt\/zlaczka-barierki-3-pozycyjny\/\" \/>\n<meta property=\"og:site_name\" content=\"Hydrotruck\" \/>\n<meta property=\"article:modified_time\" content=\"2024-04-24T11:26:38+00:00\" \/>\n<meta property=\"og:image\" content=\"https:\/\/www.hydrotruck.eu\/sklep\/wp-content\/uploads\/2023\/08\/Projekt-bez-nazwy-52.jpg\" \/>\n\t<meta property=\"og:image:width\" content=\"1080\" \/>\n\t<meta property=\"og:image:height\" content=\"1080\" \/>\n\t<meta property=\"og:image:type\" content=\"image\/jpeg\" \/>\n<meta name=\"twitter:card\" content=\"summary_large_image\" \/>\n<meta name=\"twitter:label1\" content=\"Szacowany czas czytania\" \/>\n\t<meta name=\"twitter:data1\" content=\"1 minuta\" \/>\n<script type=\"application\/ld+json\" class=\"yoast-schema-graph\">{\"@context\":\"https:\/\/schema.org\",\"@graph\":[{\"@type\":\"WebPage\",\"@id\":\"https:\/\/www.hydrotruck.eu\/sklep\/produkt\/zlaczka-barierki-3-pozycyjny\/\",\"url\":\"https:\/\/www.hydrotruck.eu\/sklep\/produkt\/zlaczka-barierki-3-pozycyjny\/\",\"name\":\"Z\u0142\u0105czka barierki 3 pozycyjna - Hydrotruck\",\"isPartOf\":{\"@id\":\"https:\/\/www.hydrotruck.eu\/sklep\/#website\"},\"primaryImageOfPage\":{\"@id\":\"https:\/\/www.hydrotruck.eu\/sklep\/produkt\/zlaczka-barierki-3-pozycyjny\/#primaryimage\"},\"image\":{\"@id\":\"https:\/\/www.hydrotruck.eu\/sklep\/produkt\/zlaczka-barierki-3-pozycyjny\/#primaryimage\"},\"thumbnailUrl\":\"https:\/\/www.hydrotruck.eu\/sklep\/wp-content\/uploads\/2023\/08\/Projekt-bez-nazwy-52.jpg\",\"datePublished\":\"2023-08-28T11:08:42+00:00\",\"dateModified\":\"2024-04-24T11:26:38+00:00\",\"description\":\"Z\u0142\u0105czka barierki 3 pozycyjna zaprojektowana w taki spos\u00f3b, aby umo\u017cliwi\u0107 elastyczne montowanie i demontowanie barierki w zale\u017cno\u015bci od potrzeb.\",\"breadcrumb\":{\"@id\":\"https:\/\/www.hydrotruck.eu\/sklep\/produkt\/zlaczka-barierki-3-pozycyjny\/#breadcrumb\"},\"inLanguage\":\"pl-PL\",\"potentialAction\":[{\"@type\":\"ReadAction\",\"target\":[\"https:\/\/www.hydrotruck.eu\/sklep\/produkt\/zlaczka-barierki-3-pozycyjny\/\"]}]},{\"@type\":\"ImageObject\",\"inLanguage\":\"pl-PL\",\"@id\":\"https:\/\/www.hydrotruck.eu\/sklep\/produkt\/zlaczka-barierki-3-pozycyjny\/#primaryimage\",\"url\":\"https:\/\/www.hydrotruck.eu\/sklep\/wp-content\/uploads\/2023\/08\/Projekt-bez-nazwy-52.jpg\",\"contentUrl\":\"https:\/\/www.hydrotruck.eu\/sklep\/wp-content\/uploads\/2023\/08\/Projekt-bez-nazwy-52.jpg\",\"width\":1080,\"height\":1080,\"caption\":\"Z\u0142\u0105czka barierki 3 pozycyjna\"},{\"@type\":\"BreadcrumbList\",\"@id\":\"https:\/\/www.hydrotruck.eu\/sklep\/produkt\/zlaczka-barierki-3-pozycyjny\/#breadcrumb\",\"itemListElement\":[{\"@type\":\"ListItem\",\"position\":1,\"name\":\"Strona g\u0142\u00f3wna\",\"item\":\"https:\/\/www.hydrotruck.eu\/sklep\/\"},{\"@type\":\"ListItem\",\"position\":2,\"name\":\"Sklep\",\"item\":\"https:\/\/www.hydrotruck.eu\/sklep\/sklep\/\"},{\"@type\":\"ListItem\",\"position\":3,\"name\":\"Z\u0142\u0105czka barierki 3 pozycyjna\"}]},{\"@type\":\"WebSite\",\"@id\":\"https:\/\/www.hydrotruck.eu\/sklep\/#website\",\"url\":\"https:\/\/www.hydrotruck.eu\/sklep\/\",\"name\":\"R\u0119czniki bawe\u0142niane, kapielowe do domu i do hoteli spa\",\"description\":\"Hydrotruck\",\"publisher\":{\"@id\":\"https:\/\/www.hydrotruck.eu\/sklep\/#organization\"},\"potentialAction\":[{\"@type\":\"SearchAction\",\"target\":{\"@type\":\"EntryPoint\",\"urlTemplate\":\"https:\/\/www.hydrotruck.eu\/sklep\/?s={search_term_string}\"},\"query-input\":{\"@type\":\"PropertyValueSpecification\",\"valueRequired\":true,\"valueName\":\"search_term_string\"}}],\"inLanguage\":\"pl-PL\"},{\"@type\":\"Organization\",\"@id\":\"https:\/\/www.hydrotruck.eu\/sklep\/#organization\",\"name\":\"R\u0119czniki bawe\u0142niane, kapielowe do domu i do hoteli spa\",\"url\":\"https:\/\/www.hydrotruck.eu\/sklep\/\",\"logo\":{\"@type\":\"ImageObject\",\"inLanguage\":\"pl-PL\",\"@id\":\"https:\/\/www.hydrotruck.eu\/sklep\/#\/schema\/logo\/image\/\",\"url\":\"https:\/\/www.hydrotruck.eu\/sklep\/wp-content\/uploads\/2023\/08\/logo_200.png\",\"contentUrl\":\"https:\/\/www.hydrotruck.eu\/sklep\/wp-content\/uploads\/2023\/08\/logo_200.png\",\"width\":200,\"height\":84,\"caption\":\"R\u0119czniki bawe\u0142niane, kapielowe do domu i do hoteli spa\"},\"image\":{\"@id\":\"https:\/\/www.hydrotruck.eu\/sklep\/#\/schema\/logo\/image\/\"}}]}<\/script>\n<!-- \/ Yoast SEO plugin. -->","yoast_head_json":{"title":"Z\u0142\u0105czka barierki 3 pozycyjna - Hydrotruck","description":"Z\u0142\u0105czka barierki 3 pozycyjna zaprojektowana w taki spos\u00f3b, aby umo\u017cliwi\u0107 elastyczne montowanie i demontowanie barierki w zale\u017cno\u015bci od potrzeb.","robots":{"index":"index","follow":"follow","max-snippet":"max-snippet:-1","max-image-preview":"max-image-preview:large","max-video-preview":"max-video-preview:-1"},"canonical":"https:\/\/www.hydrotruck.eu\/sklep\/produkt\/zlaczka-barierki-3-pozycyjny\/","og_locale":"pl_PL","og_type":"article","og_title":"Z\u0142\u0105czka barierki 3 pozycyjna - Hydrotruck","og_description":"Z\u0142\u0105czka barierki 3 pozycyjna zaprojektowana w taki spos\u00f3b, aby umo\u017cliwi\u0107 elastyczne montowanie i demontowanie barierki w zale\u017cno\u015bci od potrzeb.","og_url":"https:\/\/www.hydrotruck.eu\/sklep\/produkt\/zlaczka-barierki-3-pozycyjny\/","og_site_name":"Hydrotruck","article_modified_time":"2024-04-24T11:26:38+00:00","og_image":[{"width":1080,"height":1080,"url":"https:\/\/www.hydrotruck.eu\/sklep\/wp-content\/uploads\/2023\/08\/Projekt-bez-nazwy-52.jpg","type":"image\/jpeg"}],"twitter_card":"summary_large_image","twitter_misc":{"Szacowany czas czytania":"1 minuta"},"schema":{"@context":"https:\/\/schema.org","@graph":[{"@type":"WebPage","@id":"https:\/\/www.hydrotruck.eu\/sklep\/produkt\/zlaczka-barierki-3-pozycyjny\/","url":"https:\/\/www.hydrotruck.eu\/sklep\/produkt\/zlaczka-barierki-3-pozycyjny\/","name":"Z\u0142\u0105czka barierki 3 pozycyjna - Hydrotruck","isPartOf":{"@id":"https:\/\/www.hydrotruck.eu\/sklep\/#website"},"primaryImageOfPage":{"@id":"https:\/\/www.hydrotruck.eu\/sklep\/produkt\/zlaczka-barierki-3-pozycyjny\/#primaryimage"},"image":{"@id":"https:\/\/www.hydrotruck.eu\/sklep\/produkt\/zlaczka-barierki-3-pozycyjny\/#primaryimage"},"thumbnailUrl":"https:\/\/www.hydrotruck.eu\/sklep\/wp-content\/uploads\/2023\/08\/Projekt-bez-nazwy-52.jpg","datePublished":"2023-08-28T11:08:42+00:00","dateModified":"2024-04-24T11:26:38+00:00","description":"Z\u0142\u0105czka barierki 3 pozycyjna zaprojektowana w taki spos\u00f3b, aby umo\u017cliwi\u0107 elastyczne montowanie i demontowanie barierki w zale\u017cno\u015bci od potrzeb.","breadcrumb":{"@id":"https:\/\/www.hydrotruck.eu\/sklep\/produkt\/zlaczka-barierki-3-pozycyjny\/#breadcrumb"},"inLanguage":"pl-PL","potentialAction":[{"@type":"ReadAction","target":["https:\/\/www.hydrotruck.eu\/sklep\/produkt\/zlaczka-barierki-3-pozycyjny\/"]}]},{"@type":"ImageObject","inLanguage":"pl-PL","@id":"https:\/\/www.hydrotruck.eu\/sklep\/produkt\/zlaczka-barierki-3-pozycyjny\/#primaryimage","url":"https:\/\/www.hydrotruck.eu\/sklep\/wp-content\/uploads\/2023\/08\/Projekt-bez-nazwy-52.jpg","contentUrl":"https:\/\/www.hydrotruck.eu\/sklep\/wp-content\/uploads\/2023\/08\/Projekt-bez-nazwy-52.jpg","width":1080,"height":1080,"caption":"Z\u0142\u0105czka barierki 3 pozycyjna"},{"@type":"BreadcrumbList","@id":"https:\/\/www.hydrotruck.eu\/sklep\/produkt\/zlaczka-barierki-3-pozycyjny\/#breadcrumb","itemListElement":[{"@type":"ListItem","position":1,"name":"Strona g\u0142\u00f3wna","item":"https:\/\/www.hydrotruck.eu\/sklep\/"},{"@type":"ListItem","position":2,"name":"Sklep","item":"https:\/\/www.hydrotruck.eu\/sklep\/sklep\/"},{"@type":"ListItem","position":3,"name":"Z\u0142\u0105czka barierki 3 pozycyjna"}]},{"@type":"WebSite","@id":"https:\/\/www.hydrotruck.eu\/sklep\/#website","url":"https:\/\/www.hydrotruck.eu\/sklep\/","name":"R\u0119czniki bawe\u0142niane, kapielowe do domu i do hoteli spa","description":"Hydrotruck","publisher":{"@id":"https:\/\/www.hydrotruck.eu\/sklep\/#organization"},"potentialAction":[{"@type":"SearchAction","target":{"@type":"EntryPoint","urlTemplate":"https:\/\/www.hydrotruck.eu\/sklep\/?s={search_term_string}"},"query-input":{"@type":"PropertyValueSpecification","valueRequired":true,"valueName":"search_term_string"}}],"inLanguage":"pl-PL"},{"@type":"Organization","@id":"https:\/\/www.hydrotruck.eu\/sklep\/#organization","name":"R\u0119czniki bawe\u0142niane, kapielowe do domu i do hoteli spa","url":"https:\/\/www.hydrotruck.eu\/sklep\/","logo":{"@type":"ImageObject","inLanguage":"pl-PL","@id":"https:\/\/www.hydrotruck.eu\/sklep\/#\/schema\/logo\/image\/","url":"https:\/\/www.hydrotruck.eu\/sklep\/wp-content\/uploads\/2023\/08\/logo_200.png","contentUrl":"https:\/\/www.hydrotruck.eu\/sklep\/wp-content\/uploads\/2023\/08\/logo_200.png","width":200,"height":84,"caption":"R\u0119czniki bawe\u0142niane, kapielowe do domu i do hoteli spa"},"image":{"@id":"https:\/\/www.hydrotruck.eu\/sklep\/#\/schema\/logo\/image\/"}}]}},"acf":[],"_links":{"self":[{"href":"https:\/\/www.hydrotruck.eu\/sklep\/wp-json\/wp\/v2\/product\/3195","targetHints":{"allow":["GET"]}}],"collection":[{"href":"https:\/\/www.hydrotruck.eu\/sklep\/wp-json\/wp\/v2\/product"}],"about":[{"href":"https:\/\/www.hydrotruck.eu\/sklep\/wp-json\/wp\/v2\/types\/product"}],"wp:featuredmedia":[{"embeddable":true,"href":"https:\/\/www.hydrotruck.eu\/sklep\/wp-json\/wp\/v2\/media\/3177"}],"wp:attachment":[{"href":"https:\/\/www.hydrotruck.eu\/sklep\/wp-json\/wp\/v2\/media?parent=3195"}],"wp:term":[{"taxonomy":"product_cat","embeddable":true,"href":"https:\/\/www.hydrotruck.eu\/sklep\/wp-json\/wp\/v2\/product_cat?post=3195"},{"taxonomy":"product_tag","embeddable":true,"href":"https:\/\/www.hydrotruck.eu\/sklep\/wp-json\/wp\/v2\/product_tag?post=3195"}],"curies":[{"name":"wp","href":"https:\/\/api.w.org\/{rel}","templated":true}]}}