{"id":3193,"date":"2023-08-28T12:01:16","date_gmt":"2023-08-28T11:01:16","guid":{"rendered":"https:\/\/www.hydrotruck.eu\/sklep\/?post_type=product&#038;p=3193"},"modified":"2024-05-14T07:19:35","modified_gmt":"2024-05-14T06:19:35","slug":"wentylator-do-chlodnicy-powietrza","status":"publish","type":"product","link":"https:\/\/www.hydrotruck.eu\/sklep\/produkt\/wentylator-do-chlodnicy-powietrza\/","title":{"rendered":"Wentylator do ch\u0142odnicy powietrza"},"content":{"rendered":"<h2>Wentylator do ch\u0142odnicy powietrza zapewniaj\u0105cy optymalne ch\u0142odzenie<\/h2>\n<p>Wentylator do ch\u0142odnicy powietrza to urz\u0105dzenie, kt\u00f3re ma za zadanie zapewni\u0107 optymalne ch\u0142odzenie powietrza w systemie ch\u0142odzenia. Jest zazwyczaj zamontowany wewn\u0105trz ch\u0142odnicy i nap\u0119dzany przez silnik elektryczny. Jego g\u0142\u00f3wn\u0105 funkcj\u0105 jest przyspieszanie przep\u0142ywu powietrza przez ch\u0142odnic\u0119, co umo\u017cliwia skuteczniejsze odprowadzanie ciep\u0142a wygenerowanego przez silnik lub inne elementy. Dzi\u0119ki temu wentylator do ch\u0142odnicy powietrza pomaga utrzyma\u0107 odpowiedni\u0105 temperatur\u0119 pracy i zapobiega przegrzewaniu si\u0119 uk\u0142adu ch\u0142odzenia.<\/p>\n<p><a href=\"https:\/\/www.hydrotruck.eu\/sklep\/kategoria\/akcesoria\/\">Sprawd\u017a wi\u0119cej naszych akcesori\u00f3w i innego wyposa\u017cenia.<\/a><\/p>\n","protected":false},"excerpt":{"rendered":"<p>Wentylator do ch\u0142odnicy powietrza to urz\u0105dzenie, kt\u00f3re ma za zadanie zapewni\u0107 optymalne ch\u0142odzenie powietrza w systemie ch\u0142odzenia<\/p>\n","protected":false},"featured_media":3176,"template":"","meta":{"inline_featured_image":false},"product_cat":[99],"product_tag":[],"class_list":{"0":"post-3193","1":"product","2":"type-product","3":"status-publish","4":"has-post-thumbnail","6":"product_cat-akcesoria","8":"first","9":"instock","10":"shipping-taxable","11":"purchasable","12":"product-type-simple"},"yoast_head":"<!-- This site is optimized with the Yoast SEO plugin v26.9 - https:\/\/yoast.com\/product\/yoast-seo-wordpress\/ -->\n<title>Wentylator do ch\u0142odnicy powietrza - Hydrotruck<\/title>\n<meta name=\"description\" content=\"Wentylator do ch\u0142odnicy powietrza ma za zadanie zapewni\u0107 optymalne ch\u0142odzenie powietrza w systemie ch\u0142odzenia. Jest zazwyczaj zamontowany na...\" \/>\n<meta name=\"robots\" content=\"index, follow, max-snippet:-1, max-image-preview:large, max-video-preview:-1\" \/>\n<link rel=\"canonical\" href=\"https:\/\/www.hydrotruck.eu\/sklep\/produkt\/wentylator-do-chlodnicy-powietrza\/\" \/>\n<meta property=\"og:locale\" content=\"pl_PL\" \/>\n<meta property=\"og:type\" content=\"article\" \/>\n<meta property=\"og:title\" content=\"Wentylator do ch\u0142odnicy powietrza - Hydrotruck\" \/>\n<meta property=\"og:description\" content=\"Wentylator do ch\u0142odnicy powietrza ma za zadanie zapewni\u0107 optymalne ch\u0142odzenie powietrza w systemie ch\u0142odzenia. Jest zazwyczaj zamontowany na...\" \/>\n<meta property=\"og:url\" content=\"https:\/\/www.hydrotruck.eu\/sklep\/produkt\/wentylator-do-chlodnicy-powietrza\/\" \/>\n<meta property=\"og:site_name\" content=\"Hydrotruck\" \/>\n<meta property=\"article:modified_time\" content=\"2024-05-14T06:19:35+00:00\" \/>\n<meta property=\"og:image\" content=\"https:\/\/www.hydrotruck.eu\/sklep\/wp-content\/uploads\/2023\/08\/Projekt-bez-nazwy-51.jpg\" \/>\n\t<meta property=\"og:image:width\" content=\"1080\" \/>\n\t<meta property=\"og:image:height\" content=\"1080\" \/>\n\t<meta property=\"og:image:type\" content=\"image\/jpeg\" \/>\n<meta name=\"twitter:card\" content=\"summary_large_image\" \/>\n<meta name=\"twitter:label1\" content=\"Szacowany czas czytania\" \/>\n\t<meta name=\"twitter:data1\" content=\"1 minuta\" \/>\n<script type=\"application\/ld+json\" class=\"yoast-schema-graph\">{\"@context\":\"https:\/\/schema.org\",\"@graph\":[{\"@type\":\"WebPage\",\"@id\":\"https:\/\/www.hydrotruck.eu\/sklep\/produkt\/wentylator-do-chlodnicy-powietrza\/\",\"url\":\"https:\/\/www.hydrotruck.eu\/sklep\/produkt\/wentylator-do-chlodnicy-powietrza\/\",\"name\":\"Wentylator do ch\u0142odnicy powietrza - Hydrotruck\",\"isPartOf\":{\"@id\":\"https:\/\/www.hydrotruck.eu\/sklep\/#website\"},\"primaryImageOfPage\":{\"@id\":\"https:\/\/www.hydrotruck.eu\/sklep\/produkt\/wentylator-do-chlodnicy-powietrza\/#primaryimage\"},\"image\":{\"@id\":\"https:\/\/www.hydrotruck.eu\/sklep\/produkt\/wentylator-do-chlodnicy-powietrza\/#primaryimage\"},\"thumbnailUrl\":\"https:\/\/www.hydrotruck.eu\/sklep\/wp-content\/uploads\/2023\/08\/Projekt-bez-nazwy-51.jpg\",\"datePublished\":\"2023-08-28T11:01:16+00:00\",\"dateModified\":\"2024-05-14T06:19:35+00:00\",\"description\":\"Wentylator do ch\u0142odnicy powietrza ma za zadanie zapewni\u0107 optymalne ch\u0142odzenie powietrza w systemie ch\u0142odzenia. Jest zazwyczaj zamontowany na...\",\"breadcrumb\":{\"@id\":\"https:\/\/www.hydrotruck.eu\/sklep\/produkt\/wentylator-do-chlodnicy-powietrza\/#breadcrumb\"},\"inLanguage\":\"pl-PL\",\"potentialAction\":[{\"@type\":\"ReadAction\",\"target\":[\"https:\/\/www.hydrotruck.eu\/sklep\/produkt\/wentylator-do-chlodnicy-powietrza\/\"]}]},{\"@type\":\"ImageObject\",\"inLanguage\":\"pl-PL\",\"@id\":\"https:\/\/www.hydrotruck.eu\/sklep\/produkt\/wentylator-do-chlodnicy-powietrza\/#primaryimage\",\"url\":\"https:\/\/www.hydrotruck.eu\/sklep\/wp-content\/uploads\/2023\/08\/Projekt-bez-nazwy-51.jpg\",\"contentUrl\":\"https:\/\/www.hydrotruck.eu\/sklep\/wp-content\/uploads\/2023\/08\/Projekt-bez-nazwy-51.jpg\",\"width\":1080,\"height\":1080,\"caption\":\"Wentylator do ch\u0142odnicy powietrza\"},{\"@type\":\"BreadcrumbList\",\"@id\":\"https:\/\/www.hydrotruck.eu\/sklep\/produkt\/wentylator-do-chlodnicy-powietrza\/#breadcrumb\",\"itemListElement\":[{\"@type\":\"ListItem\",\"position\":1,\"name\":\"Strona g\u0142\u00f3wna\",\"item\":\"https:\/\/www.hydrotruck.eu\/sklep\/\"},{\"@type\":\"ListItem\",\"position\":2,\"name\":\"Sklep\",\"item\":\"https:\/\/www.hydrotruck.eu\/sklep\/sklep\/\"},{\"@type\":\"ListItem\",\"position\":3,\"name\":\"Wentylator do ch\u0142odnicy powietrza\"}]},{\"@type\":\"WebSite\",\"@id\":\"https:\/\/www.hydrotruck.eu\/sklep\/#website\",\"url\":\"https:\/\/www.hydrotruck.eu\/sklep\/\",\"name\":\"R\u0119czniki bawe\u0142niane, kapielowe do domu i do hoteli spa\",\"description\":\"Hydrotruck\",\"publisher\":{\"@id\":\"https:\/\/www.hydrotruck.eu\/sklep\/#organization\"},\"potentialAction\":[{\"@type\":\"SearchAction\",\"target\":{\"@type\":\"EntryPoint\",\"urlTemplate\":\"https:\/\/www.hydrotruck.eu\/sklep\/?s={search_term_string}\"},\"query-input\":{\"@type\":\"PropertyValueSpecification\",\"valueRequired\":true,\"valueName\":\"search_term_string\"}}],\"inLanguage\":\"pl-PL\"},{\"@type\":\"Organization\",\"@id\":\"https:\/\/www.hydrotruck.eu\/sklep\/#organization\",\"name\":\"R\u0119czniki bawe\u0142niane, kapielowe do domu i do hoteli spa\",\"url\":\"https:\/\/www.hydrotruck.eu\/sklep\/\",\"logo\":{\"@type\":\"ImageObject\",\"inLanguage\":\"pl-PL\",\"@id\":\"https:\/\/www.hydrotruck.eu\/sklep\/#\/schema\/logo\/image\/\",\"url\":\"https:\/\/www.hydrotruck.eu\/sklep\/wp-content\/uploads\/2023\/08\/logo_200.png\",\"contentUrl\":\"https:\/\/www.hydrotruck.eu\/sklep\/wp-content\/uploads\/2023\/08\/logo_200.png\",\"width\":200,\"height\":84,\"caption\":\"R\u0119czniki bawe\u0142niane, kapielowe do domu i do hoteli spa\"},\"image\":{\"@id\":\"https:\/\/www.hydrotruck.eu\/sklep\/#\/schema\/logo\/image\/\"}}]}<\/script>\n<!-- \/ Yoast SEO plugin. -->","yoast_head_json":{"title":"Wentylator do ch\u0142odnicy powietrza - Hydrotruck","description":"Wentylator do ch\u0142odnicy powietrza ma za zadanie zapewni\u0107 optymalne ch\u0142odzenie powietrza w systemie ch\u0142odzenia. Jest zazwyczaj zamontowany na...","robots":{"index":"index","follow":"follow","max-snippet":"max-snippet:-1","max-image-preview":"max-image-preview:large","max-video-preview":"max-video-preview:-1"},"canonical":"https:\/\/www.hydrotruck.eu\/sklep\/produkt\/wentylator-do-chlodnicy-powietrza\/","og_locale":"pl_PL","og_type":"article","og_title":"Wentylator do ch\u0142odnicy powietrza - Hydrotruck","og_description":"Wentylator do ch\u0142odnicy powietrza ma za zadanie zapewni\u0107 optymalne ch\u0142odzenie powietrza w systemie ch\u0142odzenia. Jest zazwyczaj zamontowany na...","og_url":"https:\/\/www.hydrotruck.eu\/sklep\/produkt\/wentylator-do-chlodnicy-powietrza\/","og_site_name":"Hydrotruck","article_modified_time":"2024-05-14T06:19:35+00:00","og_image":[{"width":1080,"height":1080,"url":"https:\/\/www.hydrotruck.eu\/sklep\/wp-content\/uploads\/2023\/08\/Projekt-bez-nazwy-51.jpg","type":"image\/jpeg"}],"twitter_card":"summary_large_image","twitter_misc":{"Szacowany czas czytania":"1 minuta"},"schema":{"@context":"https:\/\/schema.org","@graph":[{"@type":"WebPage","@id":"https:\/\/www.hydrotruck.eu\/sklep\/produkt\/wentylator-do-chlodnicy-powietrza\/","url":"https:\/\/www.hydrotruck.eu\/sklep\/produkt\/wentylator-do-chlodnicy-powietrza\/","name":"Wentylator do ch\u0142odnicy powietrza - Hydrotruck","isPartOf":{"@id":"https:\/\/www.hydrotruck.eu\/sklep\/#website"},"primaryImageOfPage":{"@id":"https:\/\/www.hydrotruck.eu\/sklep\/produkt\/wentylator-do-chlodnicy-powietrza\/#primaryimage"},"image":{"@id":"https:\/\/www.hydrotruck.eu\/sklep\/produkt\/wentylator-do-chlodnicy-powietrza\/#primaryimage"},"thumbnailUrl":"https:\/\/www.hydrotruck.eu\/sklep\/wp-content\/uploads\/2023\/08\/Projekt-bez-nazwy-51.jpg","datePublished":"2023-08-28T11:01:16+00:00","dateModified":"2024-05-14T06:19:35+00:00","description":"Wentylator do ch\u0142odnicy powietrza ma za zadanie zapewni\u0107 optymalne ch\u0142odzenie powietrza w systemie ch\u0142odzenia. Jest zazwyczaj zamontowany na...","breadcrumb":{"@id":"https:\/\/www.hydrotruck.eu\/sklep\/produkt\/wentylator-do-chlodnicy-powietrza\/#breadcrumb"},"inLanguage":"pl-PL","potentialAction":[{"@type":"ReadAction","target":["https:\/\/www.hydrotruck.eu\/sklep\/produkt\/wentylator-do-chlodnicy-powietrza\/"]}]},{"@type":"ImageObject","inLanguage":"pl-PL","@id":"https:\/\/www.hydrotruck.eu\/sklep\/produkt\/wentylator-do-chlodnicy-powietrza\/#primaryimage","url":"https:\/\/www.hydrotruck.eu\/sklep\/wp-content\/uploads\/2023\/08\/Projekt-bez-nazwy-51.jpg","contentUrl":"https:\/\/www.hydrotruck.eu\/sklep\/wp-content\/uploads\/2023\/08\/Projekt-bez-nazwy-51.jpg","width":1080,"height":1080,"caption":"Wentylator do ch\u0142odnicy powietrza"},{"@type":"BreadcrumbList","@id":"https:\/\/www.hydrotruck.eu\/sklep\/produkt\/wentylator-do-chlodnicy-powietrza\/#breadcrumb","itemListElement":[{"@type":"ListItem","position":1,"name":"Strona g\u0142\u00f3wna","item":"https:\/\/www.hydrotruck.eu\/sklep\/"},{"@type":"ListItem","position":2,"name":"Sklep","item":"https:\/\/www.hydrotruck.eu\/sklep\/sklep\/"},{"@type":"ListItem","position":3,"name":"Wentylator do ch\u0142odnicy powietrza"}]},{"@type":"WebSite","@id":"https:\/\/www.hydrotruck.eu\/sklep\/#website","url":"https:\/\/www.hydrotruck.eu\/sklep\/","name":"R\u0119czniki bawe\u0142niane, kapielowe do domu i do hoteli spa","description":"Hydrotruck","publisher":{"@id":"https:\/\/www.hydrotruck.eu\/sklep\/#organization"},"potentialAction":[{"@type":"SearchAction","target":{"@type":"EntryPoint","urlTemplate":"https:\/\/www.hydrotruck.eu\/sklep\/?s={search_term_string}"},"query-input":{"@type":"PropertyValueSpecification","valueRequired":true,"valueName":"search_term_string"}}],"inLanguage":"pl-PL"},{"@type":"Organization","@id":"https:\/\/www.hydrotruck.eu\/sklep\/#organization","name":"R\u0119czniki bawe\u0142niane, kapielowe do domu i do hoteli spa","url":"https:\/\/www.hydrotruck.eu\/sklep\/","logo":{"@type":"ImageObject","inLanguage":"pl-PL","@id":"https:\/\/www.hydrotruck.eu\/sklep\/#\/schema\/logo\/image\/","url":"https:\/\/www.hydrotruck.eu\/sklep\/wp-content\/uploads\/2023\/08\/logo_200.png","contentUrl":"https:\/\/www.hydrotruck.eu\/sklep\/wp-content\/uploads\/2023\/08\/logo_200.png","width":200,"height":84,"caption":"R\u0119czniki bawe\u0142niane, kapielowe do domu i do hoteli spa"},"image":{"@id":"https:\/\/www.hydrotruck.eu\/sklep\/#\/schema\/logo\/image\/"}}]}},"acf":[],"_links":{"self":[{"href":"https:\/\/www.hydrotruck.eu\/sklep\/wp-json\/wp\/v2\/product\/3193","targetHints":{"allow":["GET"]}}],"collection":[{"href":"https:\/\/www.hydrotruck.eu\/sklep\/wp-json\/wp\/v2\/product"}],"about":[{"href":"https:\/\/www.hydrotruck.eu\/sklep\/wp-json\/wp\/v2\/types\/product"}],"wp:featuredmedia":[{"embeddable":true,"href":"https:\/\/www.hydrotruck.eu\/sklep\/wp-json\/wp\/v2\/media\/3176"}],"wp:attachment":[{"href":"https:\/\/www.hydrotruck.eu\/sklep\/wp-json\/wp\/v2\/media?parent=3193"}],"wp:term":[{"taxonomy":"product_cat","embeddable":true,"href":"https:\/\/www.hydrotruck.eu\/sklep\/wp-json\/wp\/v2\/product_cat?post=3193"},{"taxonomy":"product_tag","embeddable":true,"href":"https:\/\/www.hydrotruck.eu\/sklep\/wp-json\/wp\/v2\/product_tag?post=3193"}],"curies":[{"name":"wp","href":"https:\/\/api.w.org\/{rel}","templated":true}]}}