{"id":3151,"date":"2023-08-28T06:23:03","date_gmt":"2023-08-28T05:23:03","guid":{"rendered":"https:\/\/www.hydrotruck.eu\/sklep\/?post_type=product&#038;p=3151"},"modified":"2024-05-14T11:21:28","modified_gmt":"2024-05-14T10:21:28","slug":"manometry-glicerynowe-0-6-bar-dolne","status":"publish","type":"product","link":"https:\/\/www.hydrotruck.eu\/sklep\/produkt\/manometry-glicerynowe-0-6-bar-dolne\/","title":{"rendered":"Manometry glicerynowe 0-6BAR Dolne"},"content":{"rendered":"<p><strong>Manometry glicerynowe 0-6BAR, Mocowanie: dolne\u00a0<\/strong><\/p>\n<p><strong>Manometry glicerynowe<\/strong>\u00a0wykorzystywane s\u0105 najcz\u0119\u015bciej w przemy\u015ble chemicznym, farmaceutycznym, maszynowym, energetycznym i ciep\u0142owniczym oraz do budowy maszyn i urz\u0105dze\u0144 hydraulicznych. S\u0105 montowane w miejscach pomiarowych za pomoc\u0105 gwint\u00f3w, kt\u00f3re mog\u0105 by\u0107 wykonane w osi manometru \u2013 s\u0105 to przy\u0142\u0105cza tylne. Mo\u017cliwe s\u0105 tak\u017ce przy\u0142\u0105cza radialne \u2013 boczne. Do monta\u017cu pulpitowego stosuje si\u0119 manometry glicerynowe tablicowe.<\/p>\n<p>Manometr glicerynowy dobiera si\u0119 do konkretnej instalacji, bior\u0105c pod uwag\u0119 kilka wa\u017cnych czynnik\u00f3w:<\/p>\n<ul>\n<li>ci\u015bnienie medium,<\/li>\n<li>rodzaj medium,<\/li>\n<li>temperatur\u0119 medium,<\/li>\n<li>temperatur\u0119 otoczenia,<\/li>\n<li>klas\u0119 dok\u0142adno\u015bci,<\/li>\n<li>\u015brednic\u0119 manometru,<\/li>\n<li>wielko\u015b\u0107 gwintu i sposobu monta\u017cu,<\/li>\n<li>warunki zewn\u0119trzne pracy manometru.<\/li>\n<\/ul>\n<p>Manometry glicerynowe 0-6BAR Dolne s\u0105 idealnym rozwi\u0105zaniem \u0142atwego odczytywania wskaza\u0144 drga\u0144 wskaz\u00f3wki. Precyzj\u0119 pomiaru gwarantuj\u0105 odpowiednie klasy dok\u0142adno\u015bci, jako\u015b\u0107 wykonania produktu oraz odpowiedni dob\u00f3r materia\u0142\u00f3w, z kt\u00f3rego manometry s\u0105 wykonane. Gliceryna niweluje drgania i wibracje, co umo\u017cliwia spowolnienie i ustabilizowanie wskaz\u00f3wki. Bez tego odczyt by\u0142by niemo\u017cliwy. Dzi\u0119ki t\u0142umieniu drga\u0144 zu\u017cycie mechanizmu jest mniejsze, a \u017cywotno\u015b\u0107 urz\u0105dzenia \u2013 d\u0142u\u017csza. Manometry glicerynowe s\u0105 odpowiednie dla miejsc z du\u017c\u0105 dynamik\u0105 i pulsacj\u0105 ci\u015bnienia. Oferujemy du\u017cy zakres manometr\u00f3w glicerynowych, wykonanych z najwy\u017cszej jako\u015bci materia\u0142\u00f3w. Pomo\u017cemy w doborze odpowiedniego produktu, bior\u0105c pod uwag\u0119 wszystkie czynniki, z jakimi ma pracowa\u0107 manometr glicerynowy. Zapraszamy do kontaktu z naszymi pracownikami, kt\u00f3rzy szybko doradz\u0105, jaki produkt wybra\u0107.<\/p>\n<p><a href=\"https:\/\/www.hydrotruck.eu\/sklep\/kategoria\/czesci-do-silonaczep\/manometry-i-termometry\/\">Sprawd\u017a wi\u0119cej naszych manometr\u00f3w i termometr\u00f3w.<\/a><\/p>\n","protected":false},"excerpt":{"rendered":"<p><strong>\u015arednica: 63 mm , Zakres 0-6 BAR, Mocowanie: dolne\u00a0<\/strong><\/p>\n<p><strong>Manometry glicerynowe<\/strong>\u00a0to komponenty, kt\u00f3re s\u0142u\u017c\u0105 do pomiaru ci\u015bnienia. Stosowane s\u0105 w systemach podatnych na du\u017c\u0105 dynamik\u0119 jego warto\u015bci, a tak\u017ce na drgania lub wibracje. S\u0105 rozwi\u0105zaniami wykorzystywanymi podczas pracy w trudnych i niestabilnych warunkach.<\/p>\n<p>Niezwyk\u0142a precyzja pomiaru po\u0142\u0105czona z zastosowaniem gliceryny &#8211; kt\u00f3ra z kolei stanowi stabilizator dla wskaz\u00f3wki &#8211; sprawia, \u017ce s\u0105 one u\u017cywane zar\u00f3wno w specjalistycznych maszynach oraz urz\u0105dzeniach budowlanych i hydraulicznych, jak r\u00f3wnie\u017c w przemy\u015ble chemicznym czy farmaceutycznym.<\/p>\n<p>&nbsp;<\/p>\n","protected":false},"featured_media":4349,"template":"","meta":{"inline_featured_image":false},"product_cat":[89],"product_tag":[],"class_list":{"0":"post-3151","1":"product","2":"type-product","3":"status-publish","4":"has-post-thumbnail","6":"product_cat-manometry-i-termometry","8":"first","9":"instock","10":"shipping-taxable","11":"purchasable","12":"product-type-simple"},"yoast_head":"<!-- This site is optimized with the Yoast SEO plugin v26.9 - https:\/\/yoast.com\/product\/yoast-seo-wordpress\/ -->\n<title>Manometry glicerynowe 0-6BAR Dolne - Hydrotruck<\/title>\n<meta name=\"description\" content=\"Manometry glicerynowe 0-6BAR dolne. Solidne, dok\u0142adne i odporne na wstrz\u0105sy, idealne do pomiaru ci\u015bnienia. Wykonane z wytrzyma\u0142ych materia\u0142ow.\" \/>\n<meta name=\"robots\" content=\"index, follow, max-snippet:-1, max-image-preview:large, max-video-preview:-1\" \/>\n<link rel=\"canonical\" href=\"https:\/\/www.hydrotruck.eu\/sklep\/produkt\/manometry-glicerynowe-0-6-bar-dolne\/\" \/>\n<meta property=\"og:locale\" content=\"pl_PL\" \/>\n<meta property=\"og:type\" content=\"article\" \/>\n<meta property=\"og:title\" content=\"Manometry glicerynowe 0-6BAR Dolne - Hydrotruck\" \/>\n<meta property=\"og:description\" content=\"Manometry glicerynowe 0-6BAR dolne. Solidne, dok\u0142adne i odporne na wstrz\u0105sy, idealne do pomiaru ci\u015bnienia. Wykonane z wytrzyma\u0142ych materia\u0142ow.\" \/>\n<meta property=\"og:url\" content=\"https:\/\/www.hydrotruck.eu\/sklep\/produkt\/manometry-glicerynowe-0-6-bar-dolne\/\" \/>\n<meta property=\"og:site_name\" content=\"Hydrotruck\" \/>\n<meta property=\"article:modified_time\" content=\"2024-05-14T10:21:28+00:00\" \/>\n<meta property=\"og:image\" content=\"https:\/\/www.hydrotruck.eu\/sklep\/wp-content\/uploads\/2023\/12\/Manometry-glicerynowe-0-6-BAR-Dolne-1.jpg\" \/>\n\t<meta property=\"og:image:width\" content=\"1600\" \/>\n\t<meta property=\"og:image:height\" content=\"1067\" \/>\n\t<meta property=\"og:image:type\" content=\"image\/jpeg\" \/>\n<meta name=\"twitter:card\" content=\"summary_large_image\" \/>\n<meta name=\"twitter:label1\" content=\"Szacowany czas czytania\" \/>\n\t<meta name=\"twitter:data1\" content=\"2 minuty\" \/>\n<script type=\"application\/ld+json\" class=\"yoast-schema-graph\">{\"@context\":\"https:\/\/schema.org\",\"@graph\":[{\"@type\":\"WebPage\",\"@id\":\"https:\/\/www.hydrotruck.eu\/sklep\/produkt\/manometry-glicerynowe-0-6-bar-dolne\/\",\"url\":\"https:\/\/www.hydrotruck.eu\/sklep\/produkt\/manometry-glicerynowe-0-6-bar-dolne\/\",\"name\":\"Manometry glicerynowe 0-6BAR Dolne - Hydrotruck\",\"isPartOf\":{\"@id\":\"https:\/\/www.hydrotruck.eu\/sklep\/#website\"},\"primaryImageOfPage\":{\"@id\":\"https:\/\/www.hydrotruck.eu\/sklep\/produkt\/manometry-glicerynowe-0-6-bar-dolne\/#primaryimage\"},\"image\":{\"@id\":\"https:\/\/www.hydrotruck.eu\/sklep\/produkt\/manometry-glicerynowe-0-6-bar-dolne\/#primaryimage\"},\"thumbnailUrl\":\"https:\/\/www.hydrotruck.eu\/sklep\/wp-content\/uploads\/2023\/12\/Manometry-glicerynowe-0-6-BAR-Dolne-1.jpg\",\"datePublished\":\"2023-08-28T05:23:03+00:00\",\"dateModified\":\"2024-05-14T10:21:28+00:00\",\"description\":\"Manometry glicerynowe 0-6BAR dolne. Solidne, dok\u0142adne i odporne na wstrz\u0105sy, idealne do pomiaru ci\u015bnienia. Wykonane z wytrzyma\u0142ych materia\u0142ow.\",\"breadcrumb\":{\"@id\":\"https:\/\/www.hydrotruck.eu\/sklep\/produkt\/manometry-glicerynowe-0-6-bar-dolne\/#breadcrumb\"},\"inLanguage\":\"pl-PL\",\"potentialAction\":[{\"@type\":\"ReadAction\",\"target\":[\"https:\/\/www.hydrotruck.eu\/sklep\/produkt\/manometry-glicerynowe-0-6-bar-dolne\/\"]}]},{\"@type\":\"ImageObject\",\"inLanguage\":\"pl-PL\",\"@id\":\"https:\/\/www.hydrotruck.eu\/sklep\/produkt\/manometry-glicerynowe-0-6-bar-dolne\/#primaryimage\",\"url\":\"https:\/\/www.hydrotruck.eu\/sklep\/wp-content\/uploads\/2023\/12\/Manometry-glicerynowe-0-6-BAR-Dolne-1.jpg\",\"contentUrl\":\"https:\/\/www.hydrotruck.eu\/sklep\/wp-content\/uploads\/2023\/12\/Manometry-glicerynowe-0-6-BAR-Dolne-1.jpg\",\"width\":1600,\"height\":1067,\"caption\":\"Manometry glicerynowe 0-6 BAR Dolne\"},{\"@type\":\"BreadcrumbList\",\"@id\":\"https:\/\/www.hydrotruck.eu\/sklep\/produkt\/manometry-glicerynowe-0-6-bar-dolne\/#breadcrumb\",\"itemListElement\":[{\"@type\":\"ListItem\",\"position\":1,\"name\":\"Strona g\u0142\u00f3wna\",\"item\":\"https:\/\/www.hydrotruck.eu\/sklep\/\"},{\"@type\":\"ListItem\",\"position\":2,\"name\":\"Sklep\",\"item\":\"https:\/\/www.hydrotruck.eu\/sklep\/sklep\/\"},{\"@type\":\"ListItem\",\"position\":3,\"name\":\"Manometry glicerynowe 0-6BAR Dolne\"}]},{\"@type\":\"WebSite\",\"@id\":\"https:\/\/www.hydrotruck.eu\/sklep\/#website\",\"url\":\"https:\/\/www.hydrotruck.eu\/sklep\/\",\"name\":\"R\u0119czniki bawe\u0142niane, kapielowe do domu i do hoteli spa\",\"description\":\"Hydrotruck\",\"publisher\":{\"@id\":\"https:\/\/www.hydrotruck.eu\/sklep\/#organization\"},\"potentialAction\":[{\"@type\":\"SearchAction\",\"target\":{\"@type\":\"EntryPoint\",\"urlTemplate\":\"https:\/\/www.hydrotruck.eu\/sklep\/?s={search_term_string}\"},\"query-input\":{\"@type\":\"PropertyValueSpecification\",\"valueRequired\":true,\"valueName\":\"search_term_string\"}}],\"inLanguage\":\"pl-PL\"},{\"@type\":\"Organization\",\"@id\":\"https:\/\/www.hydrotruck.eu\/sklep\/#organization\",\"name\":\"R\u0119czniki bawe\u0142niane, kapielowe do domu i do hoteli spa\",\"url\":\"https:\/\/www.hydrotruck.eu\/sklep\/\",\"logo\":{\"@type\":\"ImageObject\",\"inLanguage\":\"pl-PL\",\"@id\":\"https:\/\/www.hydrotruck.eu\/sklep\/#\/schema\/logo\/image\/\",\"url\":\"https:\/\/www.hydrotruck.eu\/sklep\/wp-content\/uploads\/2023\/08\/logo_200.png\",\"contentUrl\":\"https:\/\/www.hydrotruck.eu\/sklep\/wp-content\/uploads\/2023\/08\/logo_200.png\",\"width\":200,\"height\":84,\"caption\":\"R\u0119czniki bawe\u0142niane, kapielowe do domu i do hoteli spa\"},\"image\":{\"@id\":\"https:\/\/www.hydrotruck.eu\/sklep\/#\/schema\/logo\/image\/\"}}]}<\/script>\n<!-- \/ Yoast SEO plugin. -->","yoast_head_json":{"title":"Manometry glicerynowe 0-6BAR Dolne - Hydrotruck","description":"Manometry glicerynowe 0-6BAR dolne. Solidne, dok\u0142adne i odporne na wstrz\u0105sy, idealne do pomiaru ci\u015bnienia. Wykonane z wytrzyma\u0142ych materia\u0142ow.","robots":{"index":"index","follow":"follow","max-snippet":"max-snippet:-1","max-image-preview":"max-image-preview:large","max-video-preview":"max-video-preview:-1"},"canonical":"https:\/\/www.hydrotruck.eu\/sklep\/produkt\/manometry-glicerynowe-0-6-bar-dolne\/","og_locale":"pl_PL","og_type":"article","og_title":"Manometry glicerynowe 0-6BAR Dolne - Hydrotruck","og_description":"Manometry glicerynowe 0-6BAR dolne. Solidne, dok\u0142adne i odporne na wstrz\u0105sy, idealne do pomiaru ci\u015bnienia. Wykonane z wytrzyma\u0142ych materia\u0142ow.","og_url":"https:\/\/www.hydrotruck.eu\/sklep\/produkt\/manometry-glicerynowe-0-6-bar-dolne\/","og_site_name":"Hydrotruck","article_modified_time":"2024-05-14T10:21:28+00:00","og_image":[{"width":1600,"height":1067,"url":"https:\/\/www.hydrotruck.eu\/sklep\/wp-content\/uploads\/2023\/12\/Manometry-glicerynowe-0-6-BAR-Dolne-1.jpg","type":"image\/jpeg"}],"twitter_card":"summary_large_image","twitter_misc":{"Szacowany czas czytania":"2 minuty"},"schema":{"@context":"https:\/\/schema.org","@graph":[{"@type":"WebPage","@id":"https:\/\/www.hydrotruck.eu\/sklep\/produkt\/manometry-glicerynowe-0-6-bar-dolne\/","url":"https:\/\/www.hydrotruck.eu\/sklep\/produkt\/manometry-glicerynowe-0-6-bar-dolne\/","name":"Manometry glicerynowe 0-6BAR Dolne - Hydrotruck","isPartOf":{"@id":"https:\/\/www.hydrotruck.eu\/sklep\/#website"},"primaryImageOfPage":{"@id":"https:\/\/www.hydrotruck.eu\/sklep\/produkt\/manometry-glicerynowe-0-6-bar-dolne\/#primaryimage"},"image":{"@id":"https:\/\/www.hydrotruck.eu\/sklep\/produkt\/manometry-glicerynowe-0-6-bar-dolne\/#primaryimage"},"thumbnailUrl":"https:\/\/www.hydrotruck.eu\/sklep\/wp-content\/uploads\/2023\/12\/Manometry-glicerynowe-0-6-BAR-Dolne-1.jpg","datePublished":"2023-08-28T05:23:03+00:00","dateModified":"2024-05-14T10:21:28+00:00","description":"Manometry glicerynowe 0-6BAR dolne. Solidne, dok\u0142adne i odporne na wstrz\u0105sy, idealne do pomiaru ci\u015bnienia. Wykonane z wytrzyma\u0142ych materia\u0142ow.","breadcrumb":{"@id":"https:\/\/www.hydrotruck.eu\/sklep\/produkt\/manometry-glicerynowe-0-6-bar-dolne\/#breadcrumb"},"inLanguage":"pl-PL","potentialAction":[{"@type":"ReadAction","target":["https:\/\/www.hydrotruck.eu\/sklep\/produkt\/manometry-glicerynowe-0-6-bar-dolne\/"]}]},{"@type":"ImageObject","inLanguage":"pl-PL","@id":"https:\/\/www.hydrotruck.eu\/sklep\/produkt\/manometry-glicerynowe-0-6-bar-dolne\/#primaryimage","url":"https:\/\/www.hydrotruck.eu\/sklep\/wp-content\/uploads\/2023\/12\/Manometry-glicerynowe-0-6-BAR-Dolne-1.jpg","contentUrl":"https:\/\/www.hydrotruck.eu\/sklep\/wp-content\/uploads\/2023\/12\/Manometry-glicerynowe-0-6-BAR-Dolne-1.jpg","width":1600,"height":1067,"caption":"Manometry glicerynowe 0-6 BAR Dolne"},{"@type":"BreadcrumbList","@id":"https:\/\/www.hydrotruck.eu\/sklep\/produkt\/manometry-glicerynowe-0-6-bar-dolne\/#breadcrumb","itemListElement":[{"@type":"ListItem","position":1,"name":"Strona g\u0142\u00f3wna","item":"https:\/\/www.hydrotruck.eu\/sklep\/"},{"@type":"ListItem","position":2,"name":"Sklep","item":"https:\/\/www.hydrotruck.eu\/sklep\/sklep\/"},{"@type":"ListItem","position":3,"name":"Manometry glicerynowe 0-6BAR Dolne"}]},{"@type":"WebSite","@id":"https:\/\/www.hydrotruck.eu\/sklep\/#website","url":"https:\/\/www.hydrotruck.eu\/sklep\/","name":"R\u0119czniki bawe\u0142niane, kapielowe do domu i do hoteli spa","description":"Hydrotruck","publisher":{"@id":"https:\/\/www.hydrotruck.eu\/sklep\/#organization"},"potentialAction":[{"@type":"SearchAction","target":{"@type":"EntryPoint","urlTemplate":"https:\/\/www.hydrotruck.eu\/sklep\/?s={search_term_string}"},"query-input":{"@type":"PropertyValueSpecification","valueRequired":true,"valueName":"search_term_string"}}],"inLanguage":"pl-PL"},{"@type":"Organization","@id":"https:\/\/www.hydrotruck.eu\/sklep\/#organization","name":"R\u0119czniki bawe\u0142niane, kapielowe do domu i do hoteli spa","url":"https:\/\/www.hydrotruck.eu\/sklep\/","logo":{"@type":"ImageObject","inLanguage":"pl-PL","@id":"https:\/\/www.hydrotruck.eu\/sklep\/#\/schema\/logo\/image\/","url":"https:\/\/www.hydrotruck.eu\/sklep\/wp-content\/uploads\/2023\/08\/logo_200.png","contentUrl":"https:\/\/www.hydrotruck.eu\/sklep\/wp-content\/uploads\/2023\/08\/logo_200.png","width":200,"height":84,"caption":"R\u0119czniki bawe\u0142niane, kapielowe do domu i do hoteli spa"},"image":{"@id":"https:\/\/www.hydrotruck.eu\/sklep\/#\/schema\/logo\/image\/"}}]}},"acf":[],"_links":{"self":[{"href":"https:\/\/www.hydrotruck.eu\/sklep\/wp-json\/wp\/v2\/product\/3151","targetHints":{"allow":["GET"]}}],"collection":[{"href":"https:\/\/www.hydrotruck.eu\/sklep\/wp-json\/wp\/v2\/product"}],"about":[{"href":"https:\/\/www.hydrotruck.eu\/sklep\/wp-json\/wp\/v2\/types\/product"}],"wp:featuredmedia":[{"embeddable":true,"href":"https:\/\/www.hydrotruck.eu\/sklep\/wp-json\/wp\/v2\/media\/4349"}],"wp:attachment":[{"href":"https:\/\/www.hydrotruck.eu\/sklep\/wp-json\/wp\/v2\/media?parent=3151"}],"wp:term":[{"taxonomy":"product_cat","embeddable":true,"href":"https:\/\/www.hydrotruck.eu\/sklep\/wp-json\/wp\/v2\/product_cat?post=3151"},{"taxonomy":"product_tag","embeddable":true,"href":"https:\/\/www.hydrotruck.eu\/sklep\/wp-json\/wp\/v2\/product_tag?post=3151"}],"curies":[{"name":"wp","href":"https:\/\/api.w.org\/{rel}","templated":true}]}}