{"id":2863,"date":"2023-08-14T11:39:11","date_gmt":"2023-08-14T10:39:11","guid":{"rendered":"https:\/\/www.hydrotruck.eu\/sklep\/?post_type=product&#038;p=2863"},"modified":"2024-05-14T17:03:48","modified_gmt":"2024-05-14T16:03:48","slug":"zaslepka-zlacza-zenskiego-mk-dn100","status":"publish","type":"product","link":"https:\/\/www.hydrotruck.eu\/sklep\/produkt\/zaslepka-zlacza-zenskiego-mk-dn100\/","title":{"rendered":"Za\u015blepka z\u0142\u0105cza \u017ce\u0144skiego MK(DN100)"},"content":{"rendered":"<p>Za\u015blepka z\u0142\u0105cza \u017ce\u0144skiego MK(DN100) to wysokiej jako\u015bci element, kt\u00f3ry zapewnia ochron\u0119 i zabezpieczenie z\u0142\u0105cza \u017ce\u0144skiego typu MK. Dzi\u0119ki solidnemu wykonaniu i precyzyjnemu dopasowaniu, za\u015blepka doskonale chroni z\u0142\u0105cze przed uszkodzeniami mechanicznymi, py\u0142em, wilgoci\u0105 oraz innymi czynnikami zewn\u0119trznymi. Zapewniaj\u0105c niezawodn\u0105 ochron\u0119, za\u015blepka z\u0142\u0105cza \u017ce\u0144skiego MK pomaga w zachowaniu prawid\u0142owego funkcjonowania urz\u0105dze\u0144 oraz zapobiega niepotrzebnym awariom. Idealna do zastosowania w r\u00f3\u017cnego rodzaju instalacjach elektrycznych, telekomunikacyjnych czy automatyce przemys\u0142owej.<\/p>\n<p><a href=\"https:\/\/www.hydrotruck.eu\/sklep\/kategoria\/czesci-do-silonaczep\/zlacza-do-wezy\/europejskie-tw\/\">Zobacz wi\u0119cej naszych z\u0142\u0105czy do w\u0119\u017cy europejskich TW.<\/a><\/p>\n","protected":false},"excerpt":{"rendered":"<p>Za\u015blepka z\u0142\u0105cza \u017ce\u0144skiego MK to wysokiej jako\u015bci element, kt\u00f3ry zapewnia ochron\u0119 i zabezpieczenie z\u0142\u0105cza \u017ce\u0144skiego typu MK. Dzi\u0119ki solidnemu wykonaniu i precyzyjnemu dopasowaniu, za\u015blepka doskonale chroni z\u0142\u0105cze przed uszkodzeniami mechanicznymi, py\u0142em, wilgoci\u0105 oraz innymi czynnikami zewn\u0119trznymi. Zapewniaj\u0105c niezawodn\u0105 ochron\u0119, za\u015blepka z\u0142\u0105cza \u017ce\u0144skiego MK pomaga w zachowaniu prawid\u0142owego funkcjonowania urz\u0105dze\u0144 oraz zapobiega niepotrzebnym awariom. Idealna do zastosowania w r\u00f3\u017cnego rodzaju instalacjach elektrycznych, telekomunikacyjnych czy automatyce przemys\u0142owej.<\/p>\n","protected":false},"featured_media":2857,"template":"","meta":{"inline_featured_image":false},"product_cat":[94,84],"product_tag":[],"class_list":{"0":"post-2863","1":"product","2":"type-product","3":"status-publish","4":"has-post-thumbnail","6":"product_cat-europejskie-tw","7":"product_cat-zlacza-do-wezy","9":"first","10":"instock","11":"shipping-taxable","12":"purchasable","13":"product-type-simple"},"yoast_head":"<!-- This site is optimized with the Yoast SEO plugin v26.9 - https:\/\/yoast.com\/product\/yoast-seo-wordpress\/ -->\n<title>Za\u015blepka z\u0142\u0105cza \u017ce\u0144skiego MK(DN100) - Hydrotruck<\/title>\n<meta name=\"description\" content=\"Za\u015blepka z\u0142\u0105cza \u017ce\u0144skiego MK(DN100). Trwa\u0142a, niezawodna i szczelna, idealna do zabezpieczania i uszczelniania po\u0142\u0105cze\u0144 w r\u00f3\u017cnych zastosowaniach...\" \/>\n<meta name=\"robots\" content=\"index, follow, max-snippet:-1, max-image-preview:large, max-video-preview:-1\" \/>\n<link rel=\"canonical\" href=\"https:\/\/www.hydrotruck.eu\/sklep\/produkt\/zaslepka-zlacza-zenskiego-mk-dn100\/\" \/>\n<meta property=\"og:locale\" content=\"pl_PL\" \/>\n<meta property=\"og:type\" content=\"article\" \/>\n<meta property=\"og:title\" content=\"Za\u015blepka z\u0142\u0105cza \u017ce\u0144skiego MK(DN100) - Hydrotruck\" \/>\n<meta property=\"og:description\" content=\"Za\u015blepka z\u0142\u0105cza \u017ce\u0144skiego MK(DN100). Trwa\u0142a, niezawodna i szczelna, idealna do zabezpieczania i uszczelniania po\u0142\u0105cze\u0144 w r\u00f3\u017cnych zastosowaniach...\" \/>\n<meta property=\"og:url\" content=\"https:\/\/www.hydrotruck.eu\/sklep\/produkt\/zaslepka-zlacza-zenskiego-mk-dn100\/\" \/>\n<meta property=\"og:site_name\" content=\"Hydrotruck\" \/>\n<meta property=\"article:modified_time\" content=\"2024-05-14T16:03:48+00:00\" \/>\n<meta property=\"og:image\" content=\"https:\/\/www.hydrotruck.eu\/sklep\/wp-content\/uploads\/2023\/08\/Projekt-bez-nazwy-6.jpg\" \/>\n\t<meta property=\"og:image:width\" content=\"1080\" \/>\n\t<meta property=\"og:image:height\" content=\"1080\" \/>\n\t<meta property=\"og:image:type\" content=\"image\/jpeg\" \/>\n<meta name=\"twitter:card\" content=\"summary_large_image\" \/>\n<meta name=\"twitter:label1\" content=\"Szacowany czas czytania\" \/>\n\t<meta name=\"twitter:data1\" content=\"1 minuta\" \/>\n<script type=\"application\/ld+json\" class=\"yoast-schema-graph\">{\"@context\":\"https:\/\/schema.org\",\"@graph\":[{\"@type\":\"WebPage\",\"@id\":\"https:\/\/www.hydrotruck.eu\/sklep\/produkt\/zaslepka-zlacza-zenskiego-mk-dn100\/\",\"url\":\"https:\/\/www.hydrotruck.eu\/sklep\/produkt\/zaslepka-zlacza-zenskiego-mk-dn100\/\",\"name\":\"Za\u015blepka z\u0142\u0105cza \u017ce\u0144skiego MK(DN100) - Hydrotruck\",\"isPartOf\":{\"@id\":\"https:\/\/www.hydrotruck.eu\/sklep\/#website\"},\"primaryImageOfPage\":{\"@id\":\"https:\/\/www.hydrotruck.eu\/sklep\/produkt\/zaslepka-zlacza-zenskiego-mk-dn100\/#primaryimage\"},\"image\":{\"@id\":\"https:\/\/www.hydrotruck.eu\/sklep\/produkt\/zaslepka-zlacza-zenskiego-mk-dn100\/#primaryimage\"},\"thumbnailUrl\":\"https:\/\/www.hydrotruck.eu\/sklep\/wp-content\/uploads\/2023\/08\/Projekt-bez-nazwy-6.jpg\",\"datePublished\":\"2023-08-14T10:39:11+00:00\",\"dateModified\":\"2024-05-14T16:03:48+00:00\",\"description\":\"Za\u015blepka z\u0142\u0105cza \u017ce\u0144skiego MK(DN100). Trwa\u0142a, niezawodna i szczelna, idealna do zabezpieczania i uszczelniania po\u0142\u0105cze\u0144 w r\u00f3\u017cnych zastosowaniach...\",\"breadcrumb\":{\"@id\":\"https:\/\/www.hydrotruck.eu\/sklep\/produkt\/zaslepka-zlacza-zenskiego-mk-dn100\/#breadcrumb\"},\"inLanguage\":\"pl-PL\",\"potentialAction\":[{\"@type\":\"ReadAction\",\"target\":[\"https:\/\/www.hydrotruck.eu\/sklep\/produkt\/zaslepka-zlacza-zenskiego-mk-dn100\/\"]}]},{\"@type\":\"ImageObject\",\"inLanguage\":\"pl-PL\",\"@id\":\"https:\/\/www.hydrotruck.eu\/sklep\/produkt\/zaslepka-zlacza-zenskiego-mk-dn100\/#primaryimage\",\"url\":\"https:\/\/www.hydrotruck.eu\/sklep\/wp-content\/uploads\/2023\/08\/Projekt-bez-nazwy-6.jpg\",\"contentUrl\":\"https:\/\/www.hydrotruck.eu\/sklep\/wp-content\/uploads\/2023\/08\/Projekt-bez-nazwy-6.jpg\",\"width\":1080,\"height\":1080,\"caption\":\"Za\u015blepka z\u0142\u0105cza \u017ce\u0144skiego MK(DN100)\"},{\"@type\":\"BreadcrumbList\",\"@id\":\"https:\/\/www.hydrotruck.eu\/sklep\/produkt\/zaslepka-zlacza-zenskiego-mk-dn100\/#breadcrumb\",\"itemListElement\":[{\"@type\":\"ListItem\",\"position\":1,\"name\":\"Strona g\u0142\u00f3wna\",\"item\":\"https:\/\/www.hydrotruck.eu\/sklep\/\"},{\"@type\":\"ListItem\",\"position\":2,\"name\":\"Sklep\",\"item\":\"https:\/\/www.hydrotruck.eu\/sklep\/sklep\/\"},{\"@type\":\"ListItem\",\"position\":3,\"name\":\"Za\u015blepka z\u0142\u0105cza \u017ce\u0144skiego MK(DN100)\"}]},{\"@type\":\"WebSite\",\"@id\":\"https:\/\/www.hydrotruck.eu\/sklep\/#website\",\"url\":\"https:\/\/www.hydrotruck.eu\/sklep\/\",\"name\":\"R\u0119czniki bawe\u0142niane, kapielowe do domu i do hoteli spa\",\"description\":\"Hydrotruck\",\"publisher\":{\"@id\":\"https:\/\/www.hydrotruck.eu\/sklep\/#organization\"},\"potentialAction\":[{\"@type\":\"SearchAction\",\"target\":{\"@type\":\"EntryPoint\",\"urlTemplate\":\"https:\/\/www.hydrotruck.eu\/sklep\/?s={search_term_string}\"},\"query-input\":{\"@type\":\"PropertyValueSpecification\",\"valueRequired\":true,\"valueName\":\"search_term_string\"}}],\"inLanguage\":\"pl-PL\"},{\"@type\":\"Organization\",\"@id\":\"https:\/\/www.hydrotruck.eu\/sklep\/#organization\",\"name\":\"R\u0119czniki bawe\u0142niane, kapielowe do domu i do hoteli spa\",\"url\":\"https:\/\/www.hydrotruck.eu\/sklep\/\",\"logo\":{\"@type\":\"ImageObject\",\"inLanguage\":\"pl-PL\",\"@id\":\"https:\/\/www.hydrotruck.eu\/sklep\/#\/schema\/logo\/image\/\",\"url\":\"https:\/\/www.hydrotruck.eu\/sklep\/wp-content\/uploads\/2023\/08\/logo_200.png\",\"contentUrl\":\"https:\/\/www.hydrotruck.eu\/sklep\/wp-content\/uploads\/2023\/08\/logo_200.png\",\"width\":200,\"height\":84,\"caption\":\"R\u0119czniki bawe\u0142niane, kapielowe do domu i do hoteli spa\"},\"image\":{\"@id\":\"https:\/\/www.hydrotruck.eu\/sklep\/#\/schema\/logo\/image\/\"}}]}<\/script>\n<!-- \/ Yoast SEO plugin. -->","yoast_head_json":{"title":"Za\u015blepka z\u0142\u0105cza \u017ce\u0144skiego MK(DN100) - Hydrotruck","description":"Za\u015blepka z\u0142\u0105cza \u017ce\u0144skiego MK(DN100). Trwa\u0142a, niezawodna i szczelna, idealna do zabezpieczania i uszczelniania po\u0142\u0105cze\u0144 w r\u00f3\u017cnych zastosowaniach...","robots":{"index":"index","follow":"follow","max-snippet":"max-snippet:-1","max-image-preview":"max-image-preview:large","max-video-preview":"max-video-preview:-1"},"canonical":"https:\/\/www.hydrotruck.eu\/sklep\/produkt\/zaslepka-zlacza-zenskiego-mk-dn100\/","og_locale":"pl_PL","og_type":"article","og_title":"Za\u015blepka z\u0142\u0105cza \u017ce\u0144skiego MK(DN100) - Hydrotruck","og_description":"Za\u015blepka z\u0142\u0105cza \u017ce\u0144skiego MK(DN100). Trwa\u0142a, niezawodna i szczelna, idealna do zabezpieczania i uszczelniania po\u0142\u0105cze\u0144 w r\u00f3\u017cnych zastosowaniach...","og_url":"https:\/\/www.hydrotruck.eu\/sklep\/produkt\/zaslepka-zlacza-zenskiego-mk-dn100\/","og_site_name":"Hydrotruck","article_modified_time":"2024-05-14T16:03:48+00:00","og_image":[{"width":1080,"height":1080,"url":"https:\/\/www.hydrotruck.eu\/sklep\/wp-content\/uploads\/2023\/08\/Projekt-bez-nazwy-6.jpg","type":"image\/jpeg"}],"twitter_card":"summary_large_image","twitter_misc":{"Szacowany czas czytania":"1 minuta"},"schema":{"@context":"https:\/\/schema.org","@graph":[{"@type":"WebPage","@id":"https:\/\/www.hydrotruck.eu\/sklep\/produkt\/zaslepka-zlacza-zenskiego-mk-dn100\/","url":"https:\/\/www.hydrotruck.eu\/sklep\/produkt\/zaslepka-zlacza-zenskiego-mk-dn100\/","name":"Za\u015blepka z\u0142\u0105cza \u017ce\u0144skiego MK(DN100) - Hydrotruck","isPartOf":{"@id":"https:\/\/www.hydrotruck.eu\/sklep\/#website"},"primaryImageOfPage":{"@id":"https:\/\/www.hydrotruck.eu\/sklep\/produkt\/zaslepka-zlacza-zenskiego-mk-dn100\/#primaryimage"},"image":{"@id":"https:\/\/www.hydrotruck.eu\/sklep\/produkt\/zaslepka-zlacza-zenskiego-mk-dn100\/#primaryimage"},"thumbnailUrl":"https:\/\/www.hydrotruck.eu\/sklep\/wp-content\/uploads\/2023\/08\/Projekt-bez-nazwy-6.jpg","datePublished":"2023-08-14T10:39:11+00:00","dateModified":"2024-05-14T16:03:48+00:00","description":"Za\u015blepka z\u0142\u0105cza \u017ce\u0144skiego MK(DN100). Trwa\u0142a, niezawodna i szczelna, idealna do zabezpieczania i uszczelniania po\u0142\u0105cze\u0144 w r\u00f3\u017cnych zastosowaniach...","breadcrumb":{"@id":"https:\/\/www.hydrotruck.eu\/sklep\/produkt\/zaslepka-zlacza-zenskiego-mk-dn100\/#breadcrumb"},"inLanguage":"pl-PL","potentialAction":[{"@type":"ReadAction","target":["https:\/\/www.hydrotruck.eu\/sklep\/produkt\/zaslepka-zlacza-zenskiego-mk-dn100\/"]}]},{"@type":"ImageObject","inLanguage":"pl-PL","@id":"https:\/\/www.hydrotruck.eu\/sklep\/produkt\/zaslepka-zlacza-zenskiego-mk-dn100\/#primaryimage","url":"https:\/\/www.hydrotruck.eu\/sklep\/wp-content\/uploads\/2023\/08\/Projekt-bez-nazwy-6.jpg","contentUrl":"https:\/\/www.hydrotruck.eu\/sklep\/wp-content\/uploads\/2023\/08\/Projekt-bez-nazwy-6.jpg","width":1080,"height":1080,"caption":"Za\u015blepka z\u0142\u0105cza \u017ce\u0144skiego MK(DN100)"},{"@type":"BreadcrumbList","@id":"https:\/\/www.hydrotruck.eu\/sklep\/produkt\/zaslepka-zlacza-zenskiego-mk-dn100\/#breadcrumb","itemListElement":[{"@type":"ListItem","position":1,"name":"Strona g\u0142\u00f3wna","item":"https:\/\/www.hydrotruck.eu\/sklep\/"},{"@type":"ListItem","position":2,"name":"Sklep","item":"https:\/\/www.hydrotruck.eu\/sklep\/sklep\/"},{"@type":"ListItem","position":3,"name":"Za\u015blepka z\u0142\u0105cza \u017ce\u0144skiego MK(DN100)"}]},{"@type":"WebSite","@id":"https:\/\/www.hydrotruck.eu\/sklep\/#website","url":"https:\/\/www.hydrotruck.eu\/sklep\/","name":"R\u0119czniki bawe\u0142niane, kapielowe do domu i do hoteli spa","description":"Hydrotruck","publisher":{"@id":"https:\/\/www.hydrotruck.eu\/sklep\/#organization"},"potentialAction":[{"@type":"SearchAction","target":{"@type":"EntryPoint","urlTemplate":"https:\/\/www.hydrotruck.eu\/sklep\/?s={search_term_string}"},"query-input":{"@type":"PropertyValueSpecification","valueRequired":true,"valueName":"search_term_string"}}],"inLanguage":"pl-PL"},{"@type":"Organization","@id":"https:\/\/www.hydrotruck.eu\/sklep\/#organization","name":"R\u0119czniki bawe\u0142niane, kapielowe do domu i do hoteli spa","url":"https:\/\/www.hydrotruck.eu\/sklep\/","logo":{"@type":"ImageObject","inLanguage":"pl-PL","@id":"https:\/\/www.hydrotruck.eu\/sklep\/#\/schema\/logo\/image\/","url":"https:\/\/www.hydrotruck.eu\/sklep\/wp-content\/uploads\/2023\/08\/logo_200.png","contentUrl":"https:\/\/www.hydrotruck.eu\/sklep\/wp-content\/uploads\/2023\/08\/logo_200.png","width":200,"height":84,"caption":"R\u0119czniki bawe\u0142niane, kapielowe do domu i do hoteli spa"},"image":{"@id":"https:\/\/www.hydrotruck.eu\/sklep\/#\/schema\/logo\/image\/"}}]}},"acf":[],"_links":{"self":[{"href":"https:\/\/www.hydrotruck.eu\/sklep\/wp-json\/wp\/v2\/product\/2863","targetHints":{"allow":["GET"]}}],"collection":[{"href":"https:\/\/www.hydrotruck.eu\/sklep\/wp-json\/wp\/v2\/product"}],"about":[{"href":"https:\/\/www.hydrotruck.eu\/sklep\/wp-json\/wp\/v2\/types\/product"}],"wp:featuredmedia":[{"embeddable":true,"href":"https:\/\/www.hydrotruck.eu\/sklep\/wp-json\/wp\/v2\/media\/2857"}],"wp:attachment":[{"href":"https:\/\/www.hydrotruck.eu\/sklep\/wp-json\/wp\/v2\/media?parent=2863"}],"wp:term":[{"taxonomy":"product_cat","embeddable":true,"href":"https:\/\/www.hydrotruck.eu\/sklep\/wp-json\/wp\/v2\/product_cat?post=2863"},{"taxonomy":"product_tag","embeddable":true,"href":"https:\/\/www.hydrotruck.eu\/sklep\/wp-json\/wp\/v2\/product_tag?post=2863"}],"curies":[{"name":"wp","href":"https:\/\/api.w.org\/{rel}","templated":true}]}}