{"id":2313,"date":"2023-03-17T12:00:49","date_gmt":"2023-03-17T11:00:49","guid":{"rendered":"https:\/\/www.hydrotruck.eu\/sklep\/?post_type=product&#038;p=2313"},"modified":"2024-05-17T22:38:49","modified_gmt":"2024-05-17T21:38:49","slug":"klamry-c50x8-do-wezy-temperaturowych-oraz-rozladunku","status":"publish","type":"product","link":"https:\/\/www.hydrotruck.eu\/sklep\/produkt\/klamry-c50x8-do-wezy-temperaturowych-oraz-rozladunku\/","title":{"rendered":"Klamry C(50&#215;8) do w\u0119\u017cy temperaturowych oraz za\u0142adunku towaru"},"content":{"rendered":"<p><strong>Klamry \u015arednica w\u0119\u017ca C(50&#215;8) , Grubo\u015b\u0107 \u015bciany w\u0119\u017ca 7-9mm , Zakres 63-67 mm<\/strong><\/p>\n<p>Klamry do monta\u017cu w\u0119\u017cy temperaturowych i do za\u0142adunku towaru to specjalne elementy, kt\u00f3re znajduj\u0105 zastosowanie w r\u00f3\u017cnych dziedzinach, takich jak przemys\u0142 spo\u017cywczy, przemys\u0142 chemiczny, logistyka czy transport. Klamry te s\u0105 projektowane w celu umo\u017cliwienia bezpiecznego i wygodnego mocowania w\u0119\u017cy o podwy\u017cszonej temperaturze oraz do stabilizacji towaru podczas za\u0142adunku.<\/p>\n<p>Klamry do monta\u017cu w\u0119\u017cy temperaturowych s\u0105 wykonane z trwa\u0142ych materia\u0142\u00f3w, takich jak stal nierdzewna lub tworzywo sztuczne, kt\u00f3re zapewniaj\u0105 im odporno\u015b\u0107 na wysokie temperatury oraz wytrzyma\u0142o\u015b\u0107. Dzi\u0119ki temu, s\u0105 one w stanie utrzyma\u0107 w\u0119\u017ce w stabilnej pozycji, zapobiegaj\u0105c ich przesuwaniu si\u0119 lub uszkodzeniu w wyniku dzia\u0142ania temperatury.<\/p>\n<p>Klamry <strong>C(50&#215;8) <\/strong>do za\u0142adunku towaru s\u0105 r\u00f3wnie\u017c wykonane z wytrzyma\u0142ych materia\u0142\u00f3w, takich jak stal lub aluminium, co zapewnia im solidno\u015b\u0107 i niezawodno\u015b\u0107. S\u0105 one projektowane w taki spos\u00f3b, aby umo\u017cliwi\u0107 skuteczne i bezpieczne mocowanie towaru podczas procesu za\u0142adunku, minimalizuj\u0105c ryzyko przemieszczania si\u0119 lub uszkodzenia towaru.<\/p>\n<p>Monta\u017c klamer do w\u0119\u017cy temperaturowych oraz do za\u0142adunku towaru jest \u0142atwy i intuicyjny. Klamry s\u0105 umieszczane na odpowiednich miejscach wok\u00f3\u0142 w\u0119\u017ca lub towaru, a nast\u0119pnie dokr\u0119cane lub zaciskane, aby zapewni\u0107 pewne i stabilne mocowanie<\/p>\n<p><a href=\"https:\/\/www.hydrotruck.eu\/sklep\/kategoria\/czesci-do-silonaczep\/zlacza-do-wezy\/geka\/\">Sprawd\u017a wi\u0119cej naszych z\u0142\u0105czy do w\u0119\u017cy GEKA.<\/a><\/p>\n","protected":false},"excerpt":{"rendered":"<p>Klamry do monta\u017cu w\u0119\u017cy temperaturowych i do za\u0142adunku towaru to specjalne elementy, kt\u00f3re znajduj\u0105 zastosowanie w r\u00f3\u017cnych dziedzinach, takich jak przemys\u0142 spo\u017cywczy, przemys\u0142 chemiczny, logistyka czy transport. Klamry te s\u0105 projektowane w celu umo\u017cliwienia bezpiecznego i wygodnego mocowania w\u0119\u017cy o podwy\u017cszonej temperaturze oraz do stabilizacji towaru podczas za\u0142adunku.<\/p>\n<p>Klamry do monta\u017cu w\u0119\u017cy temperaturowych s\u0105 wykonane z trwa\u0142ych materia\u0142\u00f3w, takich jak stal nierdzewna lub tworzywo sztuczne, kt\u00f3re zapewniaj\u0105 im odporno\u015b\u0107 na wysokie temperatury oraz wytrzyma\u0142o\u015b\u0107. Dzi\u0119ki temu, s\u0105 one w stanie utrzyma\u0107 w\u0119\u017ce w stabilnej pozycji, zapobiegaj\u0105c ich przesuwaniu si\u0119 lub uszkodzeniu w wyniku dzia\u0142ania temperatury.<\/p>\n<p>&nbsp;<\/p>\n","protected":false},"featured_media":2646,"template":"","meta":{"inline_featured_image":false},"product_cat":[95,84],"product_tag":[39,40,41,43,45,52,53,55],"class_list":{"0":"post-2313","1":"product","2":"type-product","3":"status-publish","4":"has-post-thumbnail","6":"product_cat-geka","7":"product_cat-zlacza-do-wezy","8":"product_tag-home-1","9":"product_tag-home-10","10":"product_tag-home-11","11":"product_tag-home-13-1","12":"product_tag-home-14","13":"product_tag-home-7","14":"product_tag-home-8","15":"product_tag-home-9-2","17":"first","18":"instock","19":"shipping-taxable","20":"purchasable","21":"product-type-simple"},"yoast_head":"<!-- This site is optimized with the Yoast SEO plugin v26.9 - https:\/\/yoast.com\/product\/yoast-seo-wordpress\/ -->\n<title>Klamry C(50x8) do w\u0119\u017cy temperaturowych oraz za\u0142adunku towaru - Hydrotruck<\/title>\n<meta name=\"description\" content=\"Klamry C(50x8) do w\u0119\u017cy temperaturowych oraz za\u0142adunku towaru. Trwa\u0142e, niezawodne i \u0142atwe w u\u017cyciu, zapewniaj\u0105 bezpieczne po\u0142\u0105czenia w systemach...\" \/>\n<meta name=\"robots\" content=\"index, follow, max-snippet:-1, max-image-preview:large, max-video-preview:-1\" \/>\n<link rel=\"canonical\" href=\"https:\/\/www.hydrotruck.eu\/sklep\/produkt\/klamry-c50x8-do-wezy-temperaturowych-oraz-rozladunku\/\" \/>\n<meta property=\"og:locale\" content=\"pl_PL\" \/>\n<meta property=\"og:type\" content=\"article\" \/>\n<meta property=\"og:title\" content=\"Klamry C(50x8) do w\u0119\u017cy temperaturowych oraz za\u0142adunku towaru - Hydrotruck\" \/>\n<meta property=\"og:description\" content=\"Klamry C(50x8) do w\u0119\u017cy temperaturowych oraz za\u0142adunku towaru. Trwa\u0142e, niezawodne i \u0142atwe w u\u017cyciu, zapewniaj\u0105 bezpieczne po\u0142\u0105czenia w systemach...\" \/>\n<meta property=\"og:url\" content=\"https:\/\/www.hydrotruck.eu\/sklep\/produkt\/klamry-c50x8-do-wezy-temperaturowych-oraz-rozladunku\/\" \/>\n<meta property=\"og:site_name\" content=\"Hydrotruck\" \/>\n<meta property=\"article:modified_time\" content=\"2024-05-17T21:38:49+00:00\" \/>\n<meta property=\"og:image\" content=\"https:\/\/www.hydrotruck.eu\/sklep\/wp-content\/uploads\/2023\/03\/produkt-testowy3-1.jpg\" \/>\n\t<meta property=\"og:image:width\" content=\"400\" \/>\n\t<meta property=\"og:image:height\" content=\"400\" \/>\n\t<meta property=\"og:image:type\" content=\"image\/jpeg\" \/>\n<meta name=\"twitter:card\" content=\"summary_large_image\" \/>\n<meta name=\"twitter:label1\" content=\"Szacowany czas czytania\" \/>\n\t<meta name=\"twitter:data1\" content=\"2 minuty\" \/>\n<script type=\"application\/ld+json\" class=\"yoast-schema-graph\">{\"@context\":\"https:\/\/schema.org\",\"@graph\":[{\"@type\":\"WebPage\",\"@id\":\"https:\/\/www.hydrotruck.eu\/sklep\/produkt\/klamry-c50x8-do-wezy-temperaturowych-oraz-rozladunku\/\",\"url\":\"https:\/\/www.hydrotruck.eu\/sklep\/produkt\/klamry-c50x8-do-wezy-temperaturowych-oraz-rozladunku\/\",\"name\":\"Klamry C(50x8) do w\u0119\u017cy temperaturowych oraz za\u0142adunku towaru - Hydrotruck\",\"isPartOf\":{\"@id\":\"https:\/\/www.hydrotruck.eu\/sklep\/#website\"},\"primaryImageOfPage\":{\"@id\":\"https:\/\/www.hydrotruck.eu\/sklep\/produkt\/klamry-c50x8-do-wezy-temperaturowych-oraz-rozladunku\/#primaryimage\"},\"image\":{\"@id\":\"https:\/\/www.hydrotruck.eu\/sklep\/produkt\/klamry-c50x8-do-wezy-temperaturowych-oraz-rozladunku\/#primaryimage\"},\"thumbnailUrl\":\"https:\/\/www.hydrotruck.eu\/sklep\/wp-content\/uploads\/2023\/03\/produkt-testowy3-1.jpg\",\"datePublished\":\"2023-03-17T11:00:49+00:00\",\"dateModified\":\"2024-05-17T21:38:49+00:00\",\"description\":\"Klamry C(50x8) do w\u0119\u017cy temperaturowych oraz za\u0142adunku towaru. Trwa\u0142e, niezawodne i \u0142atwe w u\u017cyciu, zapewniaj\u0105 bezpieczne po\u0142\u0105czenia w systemach...\",\"breadcrumb\":{\"@id\":\"https:\/\/www.hydrotruck.eu\/sklep\/produkt\/klamry-c50x8-do-wezy-temperaturowych-oraz-rozladunku\/#breadcrumb\"},\"inLanguage\":\"pl-PL\",\"potentialAction\":[{\"@type\":\"ReadAction\",\"target\":[\"https:\/\/www.hydrotruck.eu\/sklep\/produkt\/klamry-c50x8-do-wezy-temperaturowych-oraz-rozladunku\/\"]}]},{\"@type\":\"ImageObject\",\"inLanguage\":\"pl-PL\",\"@id\":\"https:\/\/www.hydrotruck.eu\/sklep\/produkt\/klamry-c50x8-do-wezy-temperaturowych-oraz-rozladunku\/#primaryimage\",\"url\":\"https:\/\/www.hydrotruck.eu\/sklep\/wp-content\/uploads\/2023\/03\/produkt-testowy3-1.jpg\",\"contentUrl\":\"https:\/\/www.hydrotruck.eu\/sklep\/wp-content\/uploads\/2023\/03\/produkt-testowy3-1.jpg\",\"width\":400,\"height\":400,\"caption\":\"Klamry do monta\u017cu w\u0119\u017cy temperaturowych oraz roz\u0142adunku towaru B(75x8)\"},{\"@type\":\"BreadcrumbList\",\"@id\":\"https:\/\/www.hydrotruck.eu\/sklep\/produkt\/klamry-c50x8-do-wezy-temperaturowych-oraz-rozladunku\/#breadcrumb\",\"itemListElement\":[{\"@type\":\"ListItem\",\"position\":1,\"name\":\"Strona g\u0142\u00f3wna\",\"item\":\"https:\/\/www.hydrotruck.eu\/sklep\/\"},{\"@type\":\"ListItem\",\"position\":2,\"name\":\"Sklep\",\"item\":\"https:\/\/www.hydrotruck.eu\/sklep\/sklep\/\"},{\"@type\":\"ListItem\",\"position\":3,\"name\":\"Klamry C(50&#215;8) do w\u0119\u017cy temperaturowych oraz za\u0142adunku towaru\"}]},{\"@type\":\"WebSite\",\"@id\":\"https:\/\/www.hydrotruck.eu\/sklep\/#website\",\"url\":\"https:\/\/www.hydrotruck.eu\/sklep\/\",\"name\":\"R\u0119czniki bawe\u0142niane, kapielowe do domu i do hoteli spa\",\"description\":\"Hydrotruck\",\"publisher\":{\"@id\":\"https:\/\/www.hydrotruck.eu\/sklep\/#organization\"},\"potentialAction\":[{\"@type\":\"SearchAction\",\"target\":{\"@type\":\"EntryPoint\",\"urlTemplate\":\"https:\/\/www.hydrotruck.eu\/sklep\/?s={search_term_string}\"},\"query-input\":{\"@type\":\"PropertyValueSpecification\",\"valueRequired\":true,\"valueName\":\"search_term_string\"}}],\"inLanguage\":\"pl-PL\"},{\"@type\":\"Organization\",\"@id\":\"https:\/\/www.hydrotruck.eu\/sklep\/#organization\",\"name\":\"R\u0119czniki bawe\u0142niane, kapielowe do domu i do hoteli spa\",\"url\":\"https:\/\/www.hydrotruck.eu\/sklep\/\",\"logo\":{\"@type\":\"ImageObject\",\"inLanguage\":\"pl-PL\",\"@id\":\"https:\/\/www.hydrotruck.eu\/sklep\/#\/schema\/logo\/image\/\",\"url\":\"https:\/\/www.hydrotruck.eu\/sklep\/wp-content\/uploads\/2023\/08\/logo_200.png\",\"contentUrl\":\"https:\/\/www.hydrotruck.eu\/sklep\/wp-content\/uploads\/2023\/08\/logo_200.png\",\"width\":200,\"height\":84,\"caption\":\"R\u0119czniki bawe\u0142niane, kapielowe do domu i do hoteli spa\"},\"image\":{\"@id\":\"https:\/\/www.hydrotruck.eu\/sklep\/#\/schema\/logo\/image\/\"}}]}<\/script>\n<!-- \/ Yoast SEO plugin. -->","yoast_head_json":{"title":"Klamry C(50x8) do w\u0119\u017cy temperaturowych oraz za\u0142adunku towaru - Hydrotruck","description":"Klamry C(50x8) do w\u0119\u017cy temperaturowych oraz za\u0142adunku towaru. Trwa\u0142e, niezawodne i \u0142atwe w u\u017cyciu, zapewniaj\u0105 bezpieczne po\u0142\u0105czenia w systemach...","robots":{"index":"index","follow":"follow","max-snippet":"max-snippet:-1","max-image-preview":"max-image-preview:large","max-video-preview":"max-video-preview:-1"},"canonical":"https:\/\/www.hydrotruck.eu\/sklep\/produkt\/klamry-c50x8-do-wezy-temperaturowych-oraz-rozladunku\/","og_locale":"pl_PL","og_type":"article","og_title":"Klamry C(50x8) do w\u0119\u017cy temperaturowych oraz za\u0142adunku towaru - Hydrotruck","og_description":"Klamry C(50x8) do w\u0119\u017cy temperaturowych oraz za\u0142adunku towaru. Trwa\u0142e, niezawodne i \u0142atwe w u\u017cyciu, zapewniaj\u0105 bezpieczne po\u0142\u0105czenia w systemach...","og_url":"https:\/\/www.hydrotruck.eu\/sklep\/produkt\/klamry-c50x8-do-wezy-temperaturowych-oraz-rozladunku\/","og_site_name":"Hydrotruck","article_modified_time":"2024-05-17T21:38:49+00:00","og_image":[{"width":400,"height":400,"url":"https:\/\/www.hydrotruck.eu\/sklep\/wp-content\/uploads\/2023\/03\/produkt-testowy3-1.jpg","type":"image\/jpeg"}],"twitter_card":"summary_large_image","twitter_misc":{"Szacowany czas czytania":"2 minuty"},"schema":{"@context":"https:\/\/schema.org","@graph":[{"@type":"WebPage","@id":"https:\/\/www.hydrotruck.eu\/sklep\/produkt\/klamry-c50x8-do-wezy-temperaturowych-oraz-rozladunku\/","url":"https:\/\/www.hydrotruck.eu\/sklep\/produkt\/klamry-c50x8-do-wezy-temperaturowych-oraz-rozladunku\/","name":"Klamry C(50x8) do w\u0119\u017cy temperaturowych oraz za\u0142adunku towaru - Hydrotruck","isPartOf":{"@id":"https:\/\/www.hydrotruck.eu\/sklep\/#website"},"primaryImageOfPage":{"@id":"https:\/\/www.hydrotruck.eu\/sklep\/produkt\/klamry-c50x8-do-wezy-temperaturowych-oraz-rozladunku\/#primaryimage"},"image":{"@id":"https:\/\/www.hydrotruck.eu\/sklep\/produkt\/klamry-c50x8-do-wezy-temperaturowych-oraz-rozladunku\/#primaryimage"},"thumbnailUrl":"https:\/\/www.hydrotruck.eu\/sklep\/wp-content\/uploads\/2023\/03\/produkt-testowy3-1.jpg","datePublished":"2023-03-17T11:00:49+00:00","dateModified":"2024-05-17T21:38:49+00:00","description":"Klamry C(50x8) do w\u0119\u017cy temperaturowych oraz za\u0142adunku towaru. Trwa\u0142e, niezawodne i \u0142atwe w u\u017cyciu, zapewniaj\u0105 bezpieczne po\u0142\u0105czenia w systemach...","breadcrumb":{"@id":"https:\/\/www.hydrotruck.eu\/sklep\/produkt\/klamry-c50x8-do-wezy-temperaturowych-oraz-rozladunku\/#breadcrumb"},"inLanguage":"pl-PL","potentialAction":[{"@type":"ReadAction","target":["https:\/\/www.hydrotruck.eu\/sklep\/produkt\/klamry-c50x8-do-wezy-temperaturowych-oraz-rozladunku\/"]}]},{"@type":"ImageObject","inLanguage":"pl-PL","@id":"https:\/\/www.hydrotruck.eu\/sklep\/produkt\/klamry-c50x8-do-wezy-temperaturowych-oraz-rozladunku\/#primaryimage","url":"https:\/\/www.hydrotruck.eu\/sklep\/wp-content\/uploads\/2023\/03\/produkt-testowy3-1.jpg","contentUrl":"https:\/\/www.hydrotruck.eu\/sklep\/wp-content\/uploads\/2023\/03\/produkt-testowy3-1.jpg","width":400,"height":400,"caption":"Klamry do monta\u017cu w\u0119\u017cy temperaturowych oraz roz\u0142adunku towaru B(75x8)"},{"@type":"BreadcrumbList","@id":"https:\/\/www.hydrotruck.eu\/sklep\/produkt\/klamry-c50x8-do-wezy-temperaturowych-oraz-rozladunku\/#breadcrumb","itemListElement":[{"@type":"ListItem","position":1,"name":"Strona g\u0142\u00f3wna","item":"https:\/\/www.hydrotruck.eu\/sklep\/"},{"@type":"ListItem","position":2,"name":"Sklep","item":"https:\/\/www.hydrotruck.eu\/sklep\/sklep\/"},{"@type":"ListItem","position":3,"name":"Klamry C(50&#215;8) do w\u0119\u017cy temperaturowych oraz za\u0142adunku towaru"}]},{"@type":"WebSite","@id":"https:\/\/www.hydrotruck.eu\/sklep\/#website","url":"https:\/\/www.hydrotruck.eu\/sklep\/","name":"R\u0119czniki bawe\u0142niane, kapielowe do domu i do hoteli spa","description":"Hydrotruck","publisher":{"@id":"https:\/\/www.hydrotruck.eu\/sklep\/#organization"},"potentialAction":[{"@type":"SearchAction","target":{"@type":"EntryPoint","urlTemplate":"https:\/\/www.hydrotruck.eu\/sklep\/?s={search_term_string}"},"query-input":{"@type":"PropertyValueSpecification","valueRequired":true,"valueName":"search_term_string"}}],"inLanguage":"pl-PL"},{"@type":"Organization","@id":"https:\/\/www.hydrotruck.eu\/sklep\/#organization","name":"R\u0119czniki bawe\u0142niane, kapielowe do domu i do hoteli spa","url":"https:\/\/www.hydrotruck.eu\/sklep\/","logo":{"@type":"ImageObject","inLanguage":"pl-PL","@id":"https:\/\/www.hydrotruck.eu\/sklep\/#\/schema\/logo\/image\/","url":"https:\/\/www.hydrotruck.eu\/sklep\/wp-content\/uploads\/2023\/08\/logo_200.png","contentUrl":"https:\/\/www.hydrotruck.eu\/sklep\/wp-content\/uploads\/2023\/08\/logo_200.png","width":200,"height":84,"caption":"R\u0119czniki bawe\u0142niane, kapielowe do domu i do hoteli spa"},"image":{"@id":"https:\/\/www.hydrotruck.eu\/sklep\/#\/schema\/logo\/image\/"}}]}},"acf":[],"_links":{"self":[{"href":"https:\/\/www.hydrotruck.eu\/sklep\/wp-json\/wp\/v2\/product\/2313","targetHints":{"allow":["GET"]}}],"collection":[{"href":"https:\/\/www.hydrotruck.eu\/sklep\/wp-json\/wp\/v2\/product"}],"about":[{"href":"https:\/\/www.hydrotruck.eu\/sklep\/wp-json\/wp\/v2\/types\/product"}],"wp:featuredmedia":[{"embeddable":true,"href":"https:\/\/www.hydrotruck.eu\/sklep\/wp-json\/wp\/v2\/media\/2646"}],"wp:attachment":[{"href":"https:\/\/www.hydrotruck.eu\/sklep\/wp-json\/wp\/v2\/media?parent=2313"}],"wp:term":[{"taxonomy":"product_cat","embeddable":true,"href":"https:\/\/www.hydrotruck.eu\/sklep\/wp-json\/wp\/v2\/product_cat?post=2313"},{"taxonomy":"product_tag","embeddable":true,"href":"https:\/\/www.hydrotruck.eu\/sklep\/wp-json\/wp\/v2\/product_tag?post=2313"}],"curies":[{"name":"wp","href":"https:\/\/api.w.org\/{rel}","templated":true}]}}